(2256,	273,	4,	599,	12,	'02124/TRX/MAU-DU/03/2023',	871500,	'2023-03-02',	'Angsuran Ke 2',	'CASH',	33,	'2023-03-02 09:16:13',	'2023-03-02 09:16:13'),
(2257,	882,	4,	895,	12,	'02125/TRX/MAU-DU/03/2023',	1150000,	'2023-03-02',	'Angsuran Ke 3',	'CASH',	33,	'2023-03-02 09:23:11',	'2023-03-02 09:23:11'),
(2258,	602,	4,	311,	12,	'02126/TRX/MAU-DU/03/2023',	1655000,	'2023-03-02',	'Angsuran Ke 3 (Lunas)',	'CASH',	33,	'2023-03-02 09:25:41',	'2023-03-02 09:25:41'),
(2260,	718,	4,	731,	12,	'02128/TRX/MAU-DU/03/2023',	1142500,	'2023-03-02',	'Angsuran Ke 3',	'CASH',	33,	'2023-03-02 09:33:56',	'2023-03-02 09:33:56'),
(2261,	378,	4,	87,	12,	'02129/TRX/MAU-DU/03/2023',	45000,	'2023-03-02',	'Angsuran Ke 3 (Lunas)',	'CASH',	33,	'2023-03-02 09:36:37',	'2023-03-02 09:36:37'),
(2262,	415,	4,	124,	12,	'02130/TRX/MAU-DU/03/2023',	2000,	'2023-03-02',	'Angsuran Ke 3 (Lunas)',	'CASH',	33,	'2023-03-02 09:37:48',	'2023-03-02 09:37:48'),
(2263,	908,	4,	921,	12,	'02131/TRX/MAU-DU/03/2023',	1000000,	'2023-03-02',	'Angsuran Ke 2',	'CASH',	33,	'2023-03-02 09:40:40',	'2023-03-02 09:40:40'),
(2264,	489,	4,	198,	12,	'02132/TRX/MAU-DU/03/2023',	1836000,	'2023-03-02',	'Angsuran Ke 3 (Lunas)',	'CASH',	33,	'2023-03-02 09:48:05',	'2023-03-02 09:48:05'),
(2265,	615,	4,	324,	12,	'02133/TRX/MAU-DU/03/2023',	855000,	'2023-03-02',	'Angsuran Ke-4 (Lunas)',	'CASH',	33,	'2023-03-02 09:51:49',	'2023-03-02 09:51:49'),
(2266,	195,	4,	521,	12,	'02134/TRX/MAU-DU/03/2023',	906500,	'2023-03-02',	'Angsuran Ke 4',	'CASH',	33,	'2023-03-02 09:54:34',	'2023-03-02 09:54:34'),
(2267,	186,	4,	512,	12,	'02135/TRX/MAU-DU/03/2023',	900000,	'2023-03-02',	'Angsuran Ke-3',	'CASH',	33,	'2023-03-02 09:56:52',	'2023-03-02 09:56:52'),
(2268,	199,	4,	525,	12,	'02136/TRX/MAU-DU/03/2023',	660000,	'2023-03-02',	'Angsuran Ke 2',	'CASH',	33,	'2023-03-02 09:57:05',	'2023-03-02 09:57:05'),
(2269,	572,	4,	281,	12,	'02137/TRX/MAU-DU/03/2023',	1655000,	'2023-03-02',	'Angsuran Ke 3',	'CASH',	33,	'2023-03-02 09:58:28',	'2023-03-02 09:58:28'),
(2270,	559,	4,	268,	12,	'02138/TRX/MAU-DU/03/2023',	2000,	'2023-03-02',	'Angsuran Ke 2',	'CASH',	33,	'2023-03-02 09:59:54',	'2023-03-02 09:59:54'),
(2271,	130,	4,	456,	12,	'02139/TRX/MAU-DU/03/2023',	900000,	'2023-03-02',	'Angsuran Ke 3',	'CASH',	33,	'2023-03-02 10:01:30',	'2023-03-02 10:01:30'),
(2272,	307,	4,	633,	12,	'02140/TRX/MAU-DU/03/2023',	872000,	'2023-03-02',	'Angsuran Ke 3',	'CASH',	33,	'2023-03-02 10:03:01',	'2023-03-02 10:03:01'),
(2273,	607,	4,	316,	12,	'02141/TRX/MAU-DU/03/2023',	2000,	'2023-03-02',	'Angsuran Ke 2 (Lunas)',	'CASH',	33,	'2023-03-02 10:09:34',	'2023-03-02 10:09:34'),
(2274,	127,	4,	453,	12,	'02142/TRX/MAU-DU/03/2023',	871500,	'2023-03-02',	'Angsuran Ke 2',	'CASH',	33,	'2023-03-02 10:11:06',	'2023-03-02 10:11:06'),
(2275,	420,	4,	129,	12,	'02143/TRX/MAU-DU/03/2023',	1845000,	'2023-03-02',	'Angsuran Ke 2 (Lunas)',	'CASH',	33,	'2023-03-02 10:25:04',	'2023-03-02 10:25:04'),
(2276,	90,	4,	416,	12,	'02144/TRX/MAU-DU/03/2023',	871500,	'2023-03-02',	'Angsuran Ke 3',	'CASH',	33,	'2023-03-02 10:28:31',	'2023-03-02 10:28:31'),
(2277,	474,	4,	183,	12,	'02145/TRX/MAU-DU/03/2023',	814000,	'2023-03-02',	'Angsuran Ke 6',	'CASH',	33,	'2023-03-02 10:31:13',	'2023-03-02 10:31:13'),
(2278,	694,	4,	707,	12,	'02146/TRX/MAU-DU/03/2023',	1142500,	'2023-03-02',	'Angsuran Ke-3',	'TRANSFER',	29,	'2023-03-02 10:32:27',	'2023-03-02 10:32:27'),
(2279,	498,	4,	207,	12,	'02147/TRX/MAU-DU/03/2023',	3101000,	'2023-03-02',	'Angsuran Ke 2 (Lunas)',	'CASH',	33,	'2023-03-02 10:32:47',	'2023-03-02 10:32:47'),
(2280,	132,	4,	458,	12,	'02148/TRX/MAU-DU/03/2023',	2000000,	'2023-03-02',	'Angsuran Ke 2',	'CASH',	33,	'2023-03-02 10:35:12',	'2023-03-02 10:35:12'),
(2281,	791,	4,	804,	12,	'02149/TRX/MAU-DU/03/2023',	1140000,	'2023-03-02',	'Angsuran Ke-3',	'TRANSFER',	29,	'2023-03-02 10:37:16',	'2023-03-02 10:37:16'),
(2282,	626,	4,	335,	12,	'02150/TRX/MAU-DU/03/2023',	1655000,	'2023-03-02',	'Angsuran Ke-3 (Lunas)',	'TRANSFER',	29,	'2023-03-02 10:44:34',	'2023-03-02 10:44:34'),
(2283,	104,	4,	430,	12,	'02151/TRX/MAU-DU/03/2023',	67000,	'2023-03-02',	'Angsuran Ke 5',	'CASH',	33,	'2023-03-02 10:46:45',	'2023-03-02 10:46:45'),
(2284,	624,	4,	333,	12,	'02152/TRX/MAU-DU/03/2023',	1055000,	'2023-03-02',	'Angsuran Ke-4 (Lunas)',	'TRANSFER',	29,	'2023-03-02 10:48:06',	'2023-03-02 10:48:06'),
(2285,	189,	4,	515,	12,	'02153/TRX/MAU-DU/03/2023',	871500,	'2023-03-02',	'Angsuran Ke-4',	'TRANSFER',	29,	'2023-03-02 10:51:54',	'2023-03-02 10:51:54'),
(2286,	875,	4,	888,	12,	'02154/TRX/MAU-DU/03/2023',	1142500,	'2023-03-02',	'Angsuran Ke-3',	'TRANSFER',	29,	'2023-03-02 10:57:30',	'2023-03-02 10:57:30'),
(2287,	589,	4,	298,	12,	'02155/TRX/MAU-DU/03/2023',	1607500,	'2023-03-02',	'Angsuran Ke 3 (Lunas)',	'CASH',	33,	'2023-03-02 10:59:04',	'2023-03-02 10:59:04'),
(2288,	610,	4,	319,	12,	'02156/TRX/MAU-DU/03/2023',	1655000,	'2023-03-02',	'Angsuran Ke 3 (Lunas)',	'CASH',	33,	'2023-03-02 11:00:26',	'2023-03-02 11:00:26'),
(2289,	100,	4,	426,	12,	'02157/TRX/MAU-DU/03/2023',	856500,	'2023-03-02',	'Angsuran Ke 3',	'CASH',	33,	'2023-03-02 11:07:16',	'2023-03-02 11:07:16'),
(2290,	391,	4,	100,	12,	'02158/TRX/MAU-DU/03/2023',	886000,	'2023-03-02',	'Angsuran Ke-4 (Lunas)',	'TRANSFER',	29,	'2023-03-02 11:08:05',	'2023-03-02 11:08:05'),
(2291,	685,	4,	698,	12,	'02159/TRX/MAU-DU/03/2023',	2000,	'2023-03-02',	'Angsuran Ke 3',	'CASH',	33,	'2023-03-02 11:12:21',	'2023-03-02 11:12:21'),
(2292,	696,	4,	709,	12,	'02160/TRX/MAU-DU/03/2023',	1142500,	'2023-03-02',	'Angsuran Ke 3',	'CASH',	33,	'2023-03-02 11:15:31',	'2023-03-02 11:15:31'),
(2293,	628,	4,	337,	12,	'02161/TRX/MAU-DU/03/2023',	3192000,	'2023-03-02',	'Angsuran Ke 3 (Lunas)',	'CASH',	33,	'2023-03-02 11:24:48',	'2023-03-02 11:24:48'),
(2294,	180,	4,	506,	12,	'02162/TRX/MAU-DU/03/2023',	900000,	'2023-03-02',	'Angsuran Ke 3',	'CASH',	33,	'2023-03-02 11:27:34',	'2023-03-02 11:27:34'),
(2295,	592,	4,	301,	12,	'02163/TRX/MAU-DU/03/2023',	1655000,	'2023-03-02',	'Angsuran Ke 2 (Lunas)',	'CASH',	33,	'2023-03-02 11:28:48',	'2023-03-02 11:28:48'),
(2296,	365,	4,	74,	12,	'02164/TRX/MAU-DU/03/2023',	1797000,	'2023-03-02',	'Angsuran Ke 3 (Lunas)',	'CASH',	33,	'2023-03-02 11:33:22',	'2023-03-02 11:33:22'),
(2297,	871,	4,	884,	12,	'02165/TRX/MAU-DU/03/2023',	147000,	'2023-03-02',	'Angsuran Ke-4',	'TRANSFER',	29,	'2023-03-02 11:34:03',	'2023-03-02 11:34:03'),
(2298,	383,	4,	92,	12,	'02166/TRX/MAU-DU/03/2023',	1845000,	'2023-03-02',	'Angsuran Ke 2 (Lunas)',	'CASH',	33,	'2023-03-02 11:36:02',	'2023-03-02 11:36:02'),
(2299,	92,	4,	418,	12,	'02167/TRX/MAU-DU/03/2023',	1482500,	'2023-03-02',	'Angsuran Ke-3 (Lunas)',	'TRANSFER',	29,	'2023-03-02 11:42:25',	'2023-03-02 11:42:25'),
(2300,	122,	4,	448,	12,	'02168/TRX/MAU-DU/03/2023',	871500,	'2023-03-02',	'Angsuran Ke-4',	'TRANSFER',	29,	'2023-03-02 11:47:17',	'2023-03-02 11:47:17'),
(2301,	952,	4,	965,	12,	'02169/TRX/MAU-DU/03/2023',	1000000,	'2023-03-02',	'Angsuran Ke 3',	'CASH',	33,	'2023-03-02 11:47:23',	'2023-03-02 11:47:23'),
(2302,	260,	4,	586,	12,	'02170/TRX/MAU-DU/03/2023',	871500,	'2023-03-02',	'Angsuran Ke 3',	'CASH',	33,	'2023-03-02 11:49:00',	'2023-03-02 11:49:00'),
(2303,	585,	4,	294,	12,	'02171/TRX/MAU-DU/03/2023',	592000,	'2023-03-02',	'Angsuran Ke 3',	'CASH',	33,	'2023-03-02 11:51:25',	'2023-03-02 11:51:25'),
(2304,	570,	4,	279,	12,	'02172/TRX/MAU-DU/03/2023',	1655000,	'2023-03-02',	'Angsuran Ke-3 (Lunas)',	'TRANSFER',	29,	'2023-03-02 11:52:48',	'2023-03-02 11:52:48'),
(2305,	692,	4,	705,	12,	'02173/TRX/MAU-DU/03/2023',	1142500,	'2023-03-02',	'Angsuran Ke-4',	'TRANSFER',	29,	'2023-03-02 12:02:02',	'2023-03-02 12:02:02'),
(2306,	423,	4,	132,	12,	'02174/TRX/MAU-DU/03/2023',	285000,	'2023-03-02',	'Angsuran Ke 3 (Lunas)',	'CASH',	33,	'2023-03-02 12:03:10',	'2023-03-02 12:03:10'),
(2308,	492,	4,	201,	12,	'02176/TRX/MAU-DU/03/2023',	1700000,	'2023-03-02',	'Angsuran Ke 3',	'CASH',	33,	'2023-03-02 12:07:58',	'2023-03-02 12:07:58'),
(2309,	704,	4,	717,	12,	'02177/TRX/MAU-DU/03/2023',	1141500,	'2023-03-02',	'Angsuran Ke-3',	'TRANSFER',	29,	'2023-03-02 12:09:02',	'2023-03-02 12:09:02'),
(2310,	266,	4,	592,	12,	'02178/TRX/MAU-DU/03/2023',	572000,	'2023-03-02',	'Angsuran Ke 4',	'CASH',	33,	'2023-03-02 12:13:03',	'2023-03-02 12:13:03'),
(2311,	488,	4,	197,	12,	'02179/TRX/MAU-DU/03/2023',	2361000,	'2023-03-02',	'Angsuran Ke 3 (Lunas)',	'CASH',	33,	'2023-03-02 12:14:49',	'2023-03-02 12:14:49'),
(2312,	376,	4,	85,	12,	'02180/TRX/MAU-DU/03/2023',	1845000,	'2023-03-02',	'Angsuran Ke-2 (Lunas)',	'TRANSFER',	29,	'2023-03-02 12:15:07',	'2023-03-02 12:15:07'),
(2314,	274,	4,	600,	12,	'02182/TRX/MAU-DU/03/2023',	72000,	'2023-03-02',	'Angsuran Ke 5',	'CASH',	33,	'2023-03-02 12:23:43',	'2023-03-02 12:23:43'),
(2315,	907,	4,	920,	12,	'02183/TRX/MAU-DU/03/2023',	700000,	'2023-03-02',	'Angsuran Ke 2',	'CASH',	33,	'2023-03-02 12:25:11',	'2023-03-02 12:25:11'),
(2316,	691,	4,	704,	12,	'02184/TRX/MAU-DU/03/2023',	1100000,	'2023-03-02',	'Angsuran Ke-3',	'TRANSFER',	29,	'2023-03-02 12:34:21',	'2023-03-02 12:34:21'),
(2317,	210,	4,	536,	12,	'02185/TRX/MAU-DU/03/2023',	57000,	'2023-03-02',	'Angsuran Ke 5',	'CASH',	33,	'2023-03-02 12:36:43',	'2023-03-02 12:36:43'),
(2318,	57,	4,	383,	12,	'02186/TRX/MAU-DU/03/2023',	871500,	'2023-03-02',	'Angsuran Ke 3',	'CASH',	33,	'2023-03-02 12:40:50',	'2023-03-02 12:40:50'),
(2319,	183,	4,	509,	12,	'02187/TRX/MAU-DU/03/2023',	874000,	'2023-03-02',	'Angsuran Ke 2',	'CASH',	33,	'2023-03-02 12:44:29',	'2023-03-02 12:44:29'),
(2320,	700,	4,	713,	12,	'02188/TRX/MAU-DU/03/2023',	1150000,	'2023-03-02',	'Angsuran Ke 2',	'CASH',	33,	'2023-03-02 12:49:14',	'2023-03-02 12:49:14'),
(2321,	337,	4,	663,	12,	'02189/TRX/MAU-DU/03/2023',	500000,	'2023-03-02',	'Angsuran Ke-6',	'CASH',	29,	'2023-03-02 13:01:26',	'2023-03-02 13:01:26'),
(2322,	546,	4,	255,	12,	'02190/TRX/MAU-DU/03/2023',	734500,	'2023-03-02',	'Angsuran Ke 5 (Lunas)',	'CASH',	33,	'2023-03-02 13:04:08',	'2023-03-02 13:04:08'),
(2323,	342,	4,	51,	12,	'02191/TRX/MAU-DU/03/2023',	1845000,	'2023-03-02',	'Angsuran Ke-2 (Lunas)',	'TRANSFER',	29,	'2023-03-02 13:15:08',	'2023-03-02 13:15:08'),
(2324,	354,	4,	63,	12,	'02192/TRX/MAU-DU/03/2023',	1845000,	'2023-03-02',	'Angsuran Ke 2 (Lunas)',	'CASH',	33,	'2023-03-02 13:16:31',	'2023-03-02 13:16:31'),
(2325,	707,	4,	720,	12,	'02193/TRX/MAU-DU/03/2023',	536000,	'2023-03-02',	'Angsuran Ke-2 (Lunas)',	'TRANSFER',	29,	'2023-03-02 13:17:54',	'2023-03-02 13:17:54'),
(2326,	712,	4,	725,	12,	'02194/TRX/MAU-DU/03/2023',	1142500,	'2023-03-02',	'Angsuran Ke-2',	'TRANSFER',	29,	'2023-03-02 13:20:58',	'2023-03-02 13:20:58'),
(2327,	663,	4,	676,	12,	'02195/TRX/MAU-DU/03/2023',	1142500,	'2023-03-02',	'Angsuran Ke-3',	'TRANSFER',	29,	'2023-03-02 13:28:39',	'2023-03-02 13:28:39'),
(2328,	664,	4,	677,	12,	'02196/TRX/MAU-DU/03/2023',	1142500,	'2023-03-02',	'Angsuran Ke-3',	'TRANSFER',	29,	'2023-03-02 13:30:08',	'2023-03-02 13:30:08'),
(2329,	411,	4,	120,	12,	'02197/TRX/MAU-DU/03/2023',	600000,	'2023-03-02',	'Angsuran Ke-4 (Lunas)',	'TRANSFER',	29,	'2023-03-02 13:35:48',	'2023-03-02 13:35:48'),
(2330,	866,	4,	879,	12,	'02198/TRX/MAU-DU/03/2023',	1142500,	'2023-03-02',	'Angsuran Ke-3',	'TRANSFER',	29,	'2023-03-02 13:38:15',	'2023-03-02 13:38:15'),
(2331,	449,	4,	158,	12,	'02199/TRX/MAU-DU/03/2023',	3101000,	'2023-03-02',	'Angsuran Ke 2 (Lunas)',	'CASH',	33,	'2023-03-02 13:39:51',	'2023-03-02 13:39:51'),
(2332,	271,	4,	597,	12,	'02200/TRX/MAU-DU/03/2023',	365000,	'2023-03-02',	'Angsuran Ke-4',	'CASH',	29,	'2023-03-02 14:00:34',	'2023-03-02 14:00:34'),
(2333,	901,	4,	914,	12,	'02201/TRX/MAU-DU/03/2023',	1142500,	'2023-03-02',	'Angsuran Ke-3',	'TRANSFER',	29,	'2023-03-02 14:20:01',	'2023-03-02 14:20:01'),
(2335,	590,	4,	299,	12,	'02203/TRX/MAU-DU/03/2023',	1655000,	'2023-03-02',	'Angsuran Ke-3 (Lunas)',	'TRANSFER',	29,	'2023-03-02 14:25:39',	'2023-03-02 14:25:39'),
(2336,	328,	4,	654,	12,	'02204/TRX/MAU-DU/03/2023',	1078000,	'2023-03-02',	'Angsuran Ke 3',	'CASH',	33,	'2023-03-02 14:36:25',	'2023-03-02 14:36:25'),
(2337,	918,	4,	931,	12,	'02205/TRX/MAU-DU/03/2023',	1098000,	'2023-03-02',	'Angsuran Ke-3',	'TRANSFER',	29,	'2023-03-02 14:38:23',	'2023-03-02 14:38:23'),
(2338,	81,	4,	407,	12,	'02206/TRX/MAU-DU/03/2023',	871500,	'2023-03-02',	'Angsuran Ke-2',	'TRANSFER',	29,	'2023-03-02 14:46:10',	'2023-03-02 14:46:10'),
(2339,	326,	4,	652,	12,	'02207/TRX/MAU-DU/03/2023',	71500,	'2023-03-02',	'Angsuran Ke-5 ',	'TRANSFER',	29,	'2023-03-02 14:55:19',	'2023-03-02 14:55:19'),
(2340,	525,	4,	234,	12,	'02208/TRX/MAU-DU/03/2023',	500000,	'2023-03-02',	'Angsuran Ke-4',	'TRANSFER',	29,	'2023-03-02 15:05:20',	'2023-03-02 15:05:20'),
(2341,	223,	4,	549,	12,	'02209/TRX/MAU-DU/03/2023',	870500,	'2023-03-02',	'Angsuran Ke-3',	'TRANSFER',	29,	'2023-03-02 15:08:51',	'2023-03-02 15:08:51'),
(2343,	721,	4,	734,	12,	'02211/TRX/MAU-DU/03/2023',	995000,	'2023-03-02',	'Angsuran Ke-2',	'TRANSFER',	29,	'2023-03-02 15:27:09',	'2023-03-02 15:27:09'),
(2344,	725,	4,	738,	12,	'02212/TRX/MAU-DU/03/2023',	1149500,	'2023-03-02',	'Angsuran Ke-3',	'TRANSFER',	29,	'2023-03-02 15:43:59',	'2023-03-02 15:43:59'),
(2345,	350,	4,	59,	12,	'02213/TRX/MAU-DU/03/2023',	1842000,	'2023-03-02',	'Angsuran Ke-2 (Lunas)',	'TRANSFER',	32,	'2023-03-02 16:02:22',	'2023-03-02 16:02:22'),
(2346,	206,	4,	532,	12,	'02214/TRX/MAU-DU/03/2023',	856500,	'2023-03-04',	'Angsuran Ke 3',	'CASH',	33,	'2023-03-04 07:57:39',	'2023-03-04 07:57:39'),
(2347,	96,	4,	422,	12,	'02215/TRX/MAU-DU/03/2023',	467000,	'2023-03-04',	'Angsuran Ke 3 (Lunas)',	'CASH',	33,	'2023-03-04 08:01:46',	'2023-03-04 08:01:46'),
(2348,	876,	4,	889,	12,	'02216/TRX/MAU-DU/03/2023',	800000,	'2023-03-04',	'Angsuran Ke 4',	'CASH',	33,	'2023-03-04 08:03:20',	'2023-03-04 08:03:20'),
(2349,	600,	4,	309,	12,	'02217/TRX/MAU-DU/03/2023',	1592000,	'2023-03-04',	'Angsuran Ke 4 (Lunas)',	'CASH',	33,	'2023-03-04 08:06:01',	'2023-03-04 08:06:01'),
(2350,	458,	4,	167,	12,	'02218/TRX/MAU-DU/03/2023',	1849000,	'2023-03-04',	'Angsuran Ke 4 (Lunas)',	'CASH',	29,	'2023-03-04 08:06:52',	'2023-03-04 08:06:52'),
(2351,	348,	4,	57,	12,	'02219/TRX/MAU-DU/03/2023',	3082000,	'2023-03-04',	'Angsuran Ke 2 (Lunas)',	'CASH',	33,	'2023-03-04 08:07:41',	'2023-03-04 08:07:41'),
(2352,	603,	4,	312,	12,	'02220/TRX/MAU-DU/03/2023',	1655000,	'2023-03-04',	'Angsuran Ke 3 (Lunas)',	'CASH',	33,	'2023-03-04 08:10:31',	'2023-03-04 08:10:31'),
(2353,	339,	4,	48,	12,	'02221/TRX/MAU-DU/03/2023',	1845000,	'2023-03-04',	'Angsuran Ke 3 (Lunas)',	'CASH',	29,	'2023-03-04 08:11:04',	'2023-03-04 08:11:04'),
(2354,	295,	4,	621,	12,	'02222/TRX/MAU-DU/03/2023',	1876500,	'2023-03-04',	'Angsuran Ke 2',	'CASH',	33,	'2023-03-04 08:12:22',	'2023-03-04 08:12:22'),
(2355,	343,	4,	52,	12,	'02223/TRX/MAU-DU/03/2023',	1845000,	'2023-03-04',	'Angsuran Ke 2 (Lunas)',	'CASH',	33,	'2023-03-04 08:14:19',	'2023-03-04 08:14:19'),
(2356,	732,	4,	745,	12,	'02224/TRX/MAU-DU/03/2023',	1142500,	'2023-03-04',	'Angsuran Ke 2',	'CASH',	32,	'2023-03-04 08:19:00',	'2023-03-04 08:19:00'),
(2357,	238,	4,	564,	12,	'02225/TRX/MAU-DU/03/2023',	866500,	'2023-03-04',	'Angsuran Ke-3',	'CASH',	32,	'2023-03-04 08:27:16',	'2023-03-04 08:27:16'),
(2358,	63,	4,	389,	12,	'02226/TRX/MAU-DU/03/2023',	1115000,	'2023-03-04',	'Angsuran Ke-2',	'TRANSFER',	32,	'2023-03-04 08:33:36',	'2023-03-04 08:33:36'),
(2359,	614,	4,	323,	12,	'02227/TRX/MAU-DU/03/2023',	1651000,	'2023-03-04',	'Angsuran Ke-2',	'TRANSFER',	32,	'2023-03-04 08:35:37',	'2023-03-04 08:35:37'),
(2360,	619,	4,	328,	12,	'02228/TRX/MAU-DU/03/2023',	398000,	'2023-03-04',	'Angsuran Ke-4 (Lunas)',	'TRANSFER',	32,	'2023-03-04 08:39:28',	'2023-03-04 08:39:28'),
(2361,	855,	4,	868,	12,	'02229/TRX/MAU-DU/03/2023',	1142000,	'2023-03-04',	'Angsuran Ke-3',	'TRANSFER',	32,	'2023-03-04 08:45:22',	'2023-03-04 08:45:22'),
(2362,	337,	4,	663,	12,	'02230/TRX/MAU-DU/03/2023',	471500,	'2023-03-04',	'Angsuran Ke-6',	'TRANSFER',	32,	'2023-03-04 08:50:15',	'2023-03-04 08:50:15'),
(2363,	551,	4,	260,	12,	'02231/TRX/MAU-DU/03/2023',	1655000,	'2023-03-04',	'Angsuran Ke-2 (Lunas)',	'TRANSFER',	32,	'2023-03-04 08:53:56',	'2023-03-04 08:53:56'),
(2364,	956,	4,	969,	12,	'02232/TRX/MAU-DU/03/2023',	1142500,	'2023-03-04',	'Angsuran Ke-3',	'TRANSFER',	32,	'2023-03-04 08:55:49',	'2023-03-04 08:55:49'),
(2365,	393,	4,	102,	12,	'02233/TRX/MAU-DU/03/2023',	1845000,	'2023-03-04',	'Angsuran Ke-3 (Lunas)',	'TRANSFER',	32,	'2023-03-04 09:00:33',	'2023-03-04 09:00:33'),
(2366,	453,	4,	162,	12,	'02234/TRX/MAU-DU/03/2023',	1849000,	'2023-03-04',	'Angsuran Ke-3 (Lunas)',	'TRANSFER',	32,	'2023-03-04 09:02:39',	'2023-03-04 09:02:39'),
(2367,	138,	4,	464,	12,	'02235/TRX/MAU-DU/03/2023',	1556000,	'2023-03-04',	'Angsuran Ke-2 (Lunas)',	'TRANSFER',	32,	'2023-03-04 09:05:02',	'2023-03-04 09:05:02'),
(2368,	921,	4,	934,	12,	'02236/TRX/MAU-DU/03/2023',	1142500,	'2023-03-04',	'Angsuran Ke-2',	'TRANSFER',	32,	'2023-03-04 09:08:38',	'2023-03-04 09:08:38'),
(2369,	757,	4,	770,	12,	'02237/TRX/MAU-DU/03/2023',	700000,	'2023-03-04',	'Angsuran Ke-3',	'TRANSFER',	32,	'2023-03-04 09:11:09',	'2023-03-04 09:11:09'),
(2370,	274,	4,	600,	12,	'02238/TRX/MAU-DU/03/2023',	540000,	'2023-03-04',	'Angsuran Ke-6 (Lunas)',	'TRANSFER',	32,	'2023-03-04 09:13:52',	'2023-03-04 09:13:52'),
(2371,	437,	4,	146,	12,	'02239/TRX/MAU-DU/03/2023',	1845000,	'2023-03-04',	'Angsuran Ke-3 (Lunas)',	'CASH',	32,	'2023-03-04 09:15:50',	'2023-03-04 09:15:50'),
(2372,	161,	4,	487,	12,	'02240/TRX/MAU-DU/03/2023',	871500,	'2023-03-04',	'Angsuran Ke-2',	'TRANSFER',	32,	'2023-03-04 09:26:57',	'2023-03-04 09:26:57'),
(2374,	396,	4,	105,	12,	'02242/TRX/MAU-DU/03/2023',	1845500,	'2023-03-04',	'Angsuran Ke 4 (Lunas)',	'CASH',	33,	'2023-03-04 09:30:44',	'2023-03-04 09:30:44'),
(2375,	277,	4,	603,	12,	'02243/TRX/MAU-DU/03/2023',	870000,	'2023-03-04',	'Angsuran Ke 4',	'CASH',	33,	'2023-03-04 09:33:03',	'2023-03-04 09:33:03'),
(2376,	761,	4,	774,	12,	'02244/TRX/MAU-DU/03/2023',	1142500,	'2023-03-04',	'Angsuran Ke-3',	'TRANSFER',	32,	'2023-03-04 09:33:25',	'2023-03-04 09:33:25'),
(2377,	218,	4,	544,	12,	'02245/TRX/MAU-DU/03/2023',	950000,	'2023-03-04',	'Angsuran Ke 3',	'CASH',	33,	'2023-03-04 09:36:15',	'2023-03-04 09:36:15'),
(2378,	505,	4,	214,	12,	'02246/TRX/MAU-DU/03/2023',	2500000,	'2023-03-04',	'Angsuran Ke 4',	'CASH',	33,	'2023-03-04 09:44:05',	'2023-03-04 09:44:05'),
(2379,	502,	4,	211,	12,	'02247/TRX/MAU-DU/03/2023',	1655000,	'2023-03-04',	'Angsuran Ke-3 (Lunas)',	'TRANSFER',	32,	'2023-03-04 09:51:50',	'2023-03-04 09:51:50'),
(2380,	735,	4,	748,	12,	'02248/TRX/MAU-DU/03/2023',	1142500,	'2023-03-04',	'Angsuran Ke-3',	'TRANSFER',	32,	'2023-03-04 10:01:39',	'2023-03-04 10:01:39'),
(2381,	510,	4,	219,	12,	'02249/TRX/MAU-DU/03/2023',	737500,	'2023-03-04',	'Angsuran Ke-4',	'TRANSFER',	32,	'2023-03-04 10:04:01',	'2023-03-04 10:04:01'),
(2382,	468,	4,	177,	12,	'02250/TRX/MAU-DU/03/2023',	2350000,	'2023-03-04',	'Angsuran Ke 3',	'CASH',	33,	'2023-03-04 10:12:43',	'2023-03-04 10:12:43'),
(2383,	666,	4,	679,	12,	'02251/TRX/MAU-DU/03/2023',	884000,	'2023-03-04',	'Angsuran Ke-5 (Subsidi Keringanan ) Lunas',	'CASH',	32,	'2023-03-04 11:48:15',	'2023-03-04 11:48:15'),
(2384,	648,	4,	357,	12,	'02252/TRX/MAU-DU/03/2023',	1992000,	'2023-03-04',	'Angsuran Ke 3 (Lunas)',	'CASH',	33,	'2023-03-04 11:54:32',	'2023-03-04 11:54:32'),
(2385,	245,	4,	571,	12,	'02253/TRX/MAU-DU/03/2023',	800000,	'2023-03-04',	'Angsuran Ke-3',	'TRANSFER',	32,	'2023-03-04 11:56:00',	'2023-03-04 11:56:00'),
(2386,	604,	4,	313,	12,	'02254/TRX/MAU-DU/03/2023',	1655000,	'2023-03-04',	'Angsuran Ke 3 (Lunas)',	'CASH',	33,	'2023-03-04 11:58:35',	'2023-03-04 11:58:35'),
(2387,	669,	4,	682,	12,	'02255/TRX/MAU-DU/03/2023',	2176000,	'2023-03-04',	'Angsuran Ke-2 (Lunas)',	'TRANSFER',	32,	'2023-03-04 12:01:26',	'2023-03-04 12:01:26'),
(2388,	582,	4,	291,	12,	'02256/TRX/MAU-DU/03/2023',	1000000,	'2023-03-04',	'Angsuran Ke 3',	'CASH',	33,	'2023-03-04 12:01:52',	'2023-03-04 12:01:52'),
(2389,	748,	4,	761,	12,	'02257/TRX/MAU-DU/03/2023',	1150000,	'2023-03-04',	'Angsuran Ke-5 ',	'CASH',	28,	'2023-03-04 12:37:07',	'2023-03-04 12:37:07'),
(2390,	208,	4,	534,	12,	'02258/TRX/MAU-DU/03/2023',	1878000,	'2023-03-05',	'Angsuran Ke 2',	'CASH',	33,	'2023-03-05 08:06:06',	'2023-03-05 08:06:06'),
(2391,	310,	4,	636,	12,	'02259/TRX/MAU-DU/03/2023',	856500,	'2023-03-05',	'Angsuran Ke 2',	'CASH',	33,	'2023-03-05 09:21:49',	'2023-03-05 09:21:49'),
(2392,	352,	4,	61,	12,	'02260/TRX/MAU-DU/03/2023',	3082000,	'2023-03-05',	'Angsuran Ke 2 (Lunas)',	'CASH',	33,	'2023-03-05 09:45:56',	'2023-03-05 09:45:56'),
(2393,	545,	4,	254,	12,	'02261/TRX/MAU-DU/03/2023',	2192000,	'2023-03-05',	'Angsuran Ke 2 (Lunas)',	'CASH',	33,	'2023-03-05 11:01:39',	'2023-03-05 11:01:39'),
(2394,	398,	4,	107,	12,	'02262/TRX/MAU-DU/03/2023',	1845000,	'2023-03-05',	'Angsuran Ke 3 (Lunas)',	'CASH',	33,	'2023-03-05 12:08:19',	'2023-03-05 12:08:19'),
(2395,	771,	4,	784,	12,	'02263/TRX/MAU-DU/03/2023',	342500,	'2023-03-05',	'Angsuran Ke 4',	'CASH',	33,	'2023-03-05 12:29:29',	'2023-03-05 12:29:29'),
(2396,	156,	4,	482,	12,	'02264/TRX/MAU-DU/03/2023',	700000,	'2023-03-05',	'Angsuran Ke 1',	'CASH',	33,	'2023-03-05 13:49:11',	'2023-03-05 13:49:11'),
(2397,	889,	4,	902,	12,	'02265/TRX/MAU-DU/03/2023',	1100000,	'2023-03-05',	'Angsuran Ke 3',	'CASH',	33,	'2023-03-05 13:59:11',	'2023-03-05 13:59:11'),
(2398,	800,	4,	813,	12,	'02266/TRX/MAU-DU/03/2023',	342500,	'2023-03-07',	'Angsuran Ke-3',	'TRANSFER',	32,	'2023-03-07 08:19:35',	'2023-03-07 08:19:35'),
(2399,	929,	4,	942,	12,	'02267/TRX/MAU-DU/03/2023',	1142500,	'2023-03-07',	'Angsuran Ke-3',	'TRANSFER',	32,	'2023-03-07 08:28:12',	'2023-03-07 08:28:12'),
(2400,	949,	4,	962,	12,	'02268/TRX/MAU-DU/03/2023',	500000,	'2023-03-07',	'Angsuran Ke 3',	'CASH',	33,	'2023-03-07 09:36:47',	'2023-03-07 09:36:47'),
(2403,	126,	4,	452,	12,	'02271/TRX/MAU-DU/03/2023',	900000,	'2023-03-01',	'Angsuran Ke-2',	'CASH',	32,	'2023-03-07 10:48:09',	'2023-03-07 10:48:09'),
(2404,	223,	4,	549,	12,	'02272/TRX/MAU-DU/03/2023',	540500,	'2023-03-02',	'Angsuran Ke-4 (Lunas)',	'TRANSFER',	28,	'2023-03-07 11:26:26',	'2023-03-07 11:26:26'),
(2405,	126,	4,	452,	12,	'02273/TRX/MAU-DU/03/2023',	400000,	'2023-03-07',	'Angsuran Ke-3',	'CASH',	32,	'2023-03-07 12:07:40',	'2023-03-07 12:07:40'),
(2406,	772,	4,	785,	12,	'02274/TRX/MAU-DU/03/2023',	1142500,	'2023-03-07',	'Angsuran Ke-2',	'CASH',	32,	'2023-03-07 12:42:34',	'2023-03-07 12:42:34'),
(2407,	765,	4,	778,	12,	'02275/TRX/MAU-DU/03/2023',	1200000,	'2023-03-08',	'Angsuran Ke 3',	'CASH',	32,	'2023-03-08 11:09:27',	'2023-03-08 11:09:27'),
(2408,	782,	4,	795,	12,	'02276/TRX/MAU-DU/03/2023',	2100000,	'2023-03-08',	'Angsuran Ke 2',	'CASH',	32,	'2023-03-08 11:48:43',	'2023-03-08 11:48:43'),
(2409,	341,	4,	50,	12,	'02277/TRX/MAU-DU/03/2023',	2182000,	'2023-03-09',	'Angsuran Ke 3 (Lunas)',	'CASH',	32,	'2023-03-09 11:16:44',	'2023-03-09 11:16:44'),
(2410,	926,	4,	939,	12,	'02278/TRX/MAU-DU/03/2023',	1352000,	'2023-03-09',	'Angsuran Ke-2',	'TRANSFER',	32,	'2023-03-09 12:44:53',	'2023-03-09 12:44:53'),
(2411,	529,	4,	238,	12,	'02279/TRX/MAU-DU/03/2023',	3537000,	'2023-03-09',	'Angsuran Ke-1',	'TRANSFER',	32,	'2023-03-09 12:45:46',	'2023-03-09 12:45:46'),
(2412,	662,	4,	675,	12,	'02280/TRX/MAU-DU/03/2023',	1142500,	'2023-03-11',	'Angsuran Ke-2',	'TRANSFER',	32,	'2023-03-11 08:56:59',	'2023-03-11 08:56:59'),
(2413,	780,	4,	793,	12,	'02281/TRX/MAU-DU/03/2023',	2157000,	'2023-03-11',	'Angsuran Ke-3',	'TRANSFER',	32,	'2023-03-11 09:07:39',	'2023-03-11 09:07:39'),
(2414,	582,	4,	291,	12,	'02282/TRX/MAU-DU/03/2023',	1200000,	'2023-03-11',	'Angsuran Ke-4',	'TRANSFER',	32,	'2023-03-11 09:19:26',	'2023-03-11 09:19:26'),
(2415,	298,	4,	624,	12,	'02283/TRX/MAU-DU/03/2023',	1412000,	'2023-03-11',	'Angsuran Ke-3 (Lunas)',	'TRANSFER',	32,	'2023-03-11 09:21:56',	'2023-03-11 09:21:56'),
(2416,	656,	4,	669,	12,	'02284/TRX/MAU-DU/03/2023',	1142500,	'2023-03-11',	'Angsuran Ke-2',	'TRANSFER',	32,	'2023-03-11 09:23:57',	'2023-03-11 09:23:57'),
(2417,	506,	4,	215,	12,	'02285/TRX/MAU-DU/03/2023',	1642000,	'2023-03-11',	'Angsuran Ke 2 (Lunas)',	'CASH',	33,	'2023-03-11 09:31:03',	'2023-03-11 09:31:03'),
(2418,	143,	4,	469,	12,	'02286/TRX/MAU-DU/03/2023',	500000,	'2023-03-11',	'Angsuran Ke-3',	'TRANSFER',	32,	'2023-03-11 09:37:50',	'2023-03-11 09:37:50'),
(2419,	830,	4,	843,	12,	'02287/TRX/MAU-DU/03/2023',	1000000,	'2023-03-11',	'Angsuran Ke 2',	'CASH',	33,	'2023-03-11 09:54:43',	'2023-03-11 09:54:43'),
(2420,	201,	4,	527,	12,	'02288/TRX/MAU-DU/03/2023',	558500,	'2023-03-11',	'Angsuran Ke 4 (Lunas)',	'CASH',	33,	'2023-03-11 11:14:35',	'2023-03-11 11:14:35'),
(2421,	43,	4,	369,	12,	'02289/TRX/MAU-DU/03/2023',	870000,	'2023-03-11',	'Angsuran Ke-3',	'CASH',	32,	'2023-03-11 11:50:43',	'2023-03-11 11:50:43'),
(2422,	126,	4,	452,	12,	'02290/TRX/MAU-DU/03/2023',	384000,	'2023-03-12',	'Angsuran Ke 4 (Lunas)',	'CASH',	29,	'2023-03-12 11:57:14',	'2023-03-12 11:57:14'),
(2423,	523,	4,	232,	12,	'02291/TRX/MAU-DU/03/2023',	1655000,	'2023-03-12',	'Angsuran Ke 3 (Lunas)',	'CASH',	29,	'2023-03-12 12:25:14',	'2023-03-12 12:25:14'),
(2424,	474,	4,	183,	12,	'02292/TRX/MAU-DU/03/2023',	400000,	'2023-03-13',	'Angsuran Ke 6',	'CASH',	33,	'2023-03-13 09:04:29',	'2023-03-13 09:04:29'),
(2425,	745,	4,	758,	12,	'02293/TRX/MAU-DU/03/2023',	136000,	'2023-03-15',	'Angsuran Ke 4 (Lunas)',	'CASH',	33,	'2023-03-15 09:40:37',	'2023-03-15 09:40:37'),
(2426,	656,	4,	669,	12,	'02294/TRX/MAU-DU/03/2023',	1041500,	'2023-03-16',	'Angsuran Ke-3 (Lunas)',	'TRANSFER',	32,	'2023-03-16 09:48:52',	'2023-03-16 09:48:52'),
(2427,	569,	4,	278,	12,	'02295/TRX/MAU-DU/03/2023',	855000,	'2023-03-16',	'Angsuran Ke 4 (Lunas)',	'CASH',	33,	'2023-03-16 10:33:36',	'2023-03-16 10:33:36'),
(2428,	128,	4,	454,	12,	'02296/TRX/MAU-DU/03/2023',	500000,	'2023-03-16',	'Angsuran Ke 2',	'CASH',	33,	'2023-03-16 10:44:13',	'2023-03-16 10:44:13'),
(2429,	530,	4,	239,	12,	'02297/TRX/MAU-DU/03/2023',	655000,	'2023-03-18',	'Angsuran Ke 5 (Lunas)',	'CASH',	33,	'2023-03-18 08:16:28',	'2023-03-18 08:16:28'),
(2430,	64,	4,	390,	12,	'02298/TRX/MAU-DU/03/2023',	1684000,	'2023-03-18',	'Angsuran Ke-2 (Lunas)',	'TRANSFER',	32,	'2023-03-18 08:40:27',	'2023-03-18 08:40:27'),
(2431,	578,	4,	287,	12,	'02299/TRX/MAU-DU/03/2023',	1400000,	'2023-03-18',	'Angsuran Ke 2',	'CASH',	33,	'2023-03-18 09:41:30',	'2023-03-18 09:41:30'),
(2432,	548,	4,	257,	12,	'02300/TRX/MAU-DU/03/2023',	1000000,	'2023-03-18',	'Angsuran Ke-4',	'CASH',	32,	'2023-03-18 11:36:49',	'2023-03-18 11:36:49'),
(2433,	536,	4,	245,	12,	'02301/TRX/MAU-DU/03/2023',	1655000,	'2023-03-18',	'Angsuran Ke 2 (Lunas)',	'CASH',	33,	'2023-03-18 13:19:07',	'2023-03-18 13:19:07'),
(2435,	338,	4,	664,	12,	'02303/TRX/MAU-DU/03/2023',	1412000,	'2023-03-19',	'Angsuran Ke 2 (Lunas)',	'CASH',	33,	'2023-03-19 12:32:55',	'2023-03-19 12:32:55'),
(2436,	770,	4,	783,	12,	'02304/TRX/MAU-DU/03/2023',	1009000,	'2023-03-19',	'Angsuran Ke 3',	'CASH',	33,	'2023-03-19 12:40:35',	'2023-03-19 12:40:35'),
(2437,	51,	4,	377,	12,	'02305/TRX/MAU-DU/03/2023',	1800000,	'2023-03-20',	'Angsuran Ke 2',	'CASH',	33,	'2023-03-20 08:49:58',	'2023-03-20 08:49:58'),
(2439,	237,	4,	563,	12,	'02307/TRX/MAU-DU/03/2023',	872000,	'2023-03-20',	'Angsuran Ke 2',	'CASH',	33,	'2023-03-20 09:08:48',	'2023-03-20 09:08:48'),
(2440,	474,	4,	183,	12,	'02308/TRX/MAU-DU/03/2023',	300000,	'2023-03-20',	'Angsuran Ke 6',	'CASH',	33,	'2023-03-20 13:22:40',	'2023-03-20 13:22:40'),
(2441,	534,	4,	243,	12,	'02309/TRX/MAU-DU/03/2023',	1000000,	'2023-03-28',	'Angsuran Ke 4 (Lunas)',	'CASH',	33,	'2023-03-28 13:16:32',	'2023-03-28 13:16:32'),
(2442,	486,	4,	195,	12,	'02310/TRX/MAU-DU/03/2023',	1849000,	'2023-03-29',	'Angsuran Ke-2 (Lunas)',	'TRANSFER',	32,	'2023-03-29 08:45:53',	'2023-03-29 08:45:53'),
(2443,	473,	4,	182,	12,	'02311/TRX/MAU-DU/03/2023',	1086000,	'2023-03-29',	'Angsuran Ke-4 (Lunas )',	'TRANSFER',	32,	'2023-03-29 08:52:15',	'2023-03-29 08:52:15'),
(2444,	616,	4,	325,	12,	'02312/TRX/MAU-DU/03/2023',	652000,	'2023-03-29',	'Angsuran Ke 5 (Lunas)',	'CASH',	33,	'2023-03-29 11:22:09',	'2023-03-29 11:22:09'),
(2445,	519,	4,	228,	12,	'02313/TRX/MAU-DU/04/2023',	1607000,	'2023-04-01',	'Angsuran Ke 3 (Lunas)',	'CASH',	33,	'2023-04-01 09:33:26',	'2023-04-01 09:33:26'),
(2446,	41,	4,	367,	12,	'02314/TRX/MAU-DU/04/2023',	750000,	'2023-04-05',	'Angsuran Ke-2',	'CASH',	32,	'2023-04-05 08:41:15',	'2023-04-05 08:41:15'),
(2447,	646,	4,	355,	12,	'02315/TRX/MAU-DU/04/2023',	1651500,	'2023-04-05',	'Angsuran Ke-3 (Lunas)',	'CASH',	32,	'2023-04-05 08:43:09',	'2023-04-05 08:43:09'),
(2448,	825,	4,	838,	12,	'02316/TRX/MAU-DU/04/2023',	1998000,	'2023-04-05',	'Angsuran Ke-3 (Lunas)',	'CASH',	32,	'2023-04-05 08:44:22',	'2023-04-05 08:44:22'),
(2449,	492,	4,	201,	12,	'02317/TRX/MAU-DU/04/2023',	136000,	'2023-04-05',	'Angsuran Ke 4 (Lunas)',	'CASH',	33,	'2023-04-05 09:59:58',	'2023-04-05 09:59:58'),
(2450,	542,	4,	251,	12,	'02318/TRX/MAU-DU/04/2023',	403000,	'2023-04-06',	'Angsuran Ke 4 (Lunas)',	'CASH',	33,	'2023-04-06 13:28:38',	'2023-04-06 13:28:38'),
(2451,	340,	4,	49,	12,	'02319/TRX/MAU-DU/04/2023',	1000000,	'2023-04-08',	'Angsuran Ke-2',	'CASH',	32,	'2023-04-08 08:29:51',	'2023-04-08 08:29:51'),
(2452,	231,	4,	557,	12,	'02320/TRX/MAU-DU/04/2023',	1000000,	'2023-04-08',	'Angsuran Ke-3',	'CASH',	32,	'2023-04-08 08:31:11',	'2023-04-08 08:31:11'),
(2453,	45,	4,	371,	12,	'02321/TRX/MAU-DU/04/2023',	1000000,	'2023-04-08',	'Angsuran Ke 2',	'CASH',	33,	'2023-04-08 11:10:20',	'2023-04-08 11:10:20'),
(2455,	814,	4,	827,	12,	'02323/TRX/MAU-DU/04/2023',	343000,	'2023-04-15',	'Angsuran Ke-4',	'TRANSFER',	32,	'2023-04-15 12:08:48',	'2023-04-15 12:08:48'),
(2456,	474,	4,	183,	12,	'02324/TRX/MAU-DU/05/2023',	300000,	'2023-05-06',	'Angsuran Ke-6 (Lunas)',	'CASH',	32,	'2023-05-06 10:23:07',	'2023-05-06 10:23:07'),
(2457,	461,	4,	170,	12,	'02325/TRX/MAU-DU/05/2023',	849000,	'2023-05-06',	'Angsuran Ke 4 (Lunas)',	'CASH',	33,	'2023-05-06 10:26:57',	'2023-05-06 10:26:57'),
(2458,	518,	4,	227,	12,	'02326/TRX/MAU-DU/05/2023',	1643000,	'2023-05-06',	'Angsuran Ke-4 (Lunas)',	'CASH',	32,	'2023-05-06 10:33:34',	'2023-05-06 10:33:34'),
(2459,	422,	4,	131,	12,	'02327/TRX/MAU-DU/05/2023',	845000,	'2023-05-06',	'Angsuran Ke-4 (Lunas)',	'CASH',	32,	'2023-05-06 11:06:52',	'2023-05-06 11:06:52'),
(2460,	614,	4,	323,	12,	'02328/TRX/MAU-DU/05/2023',	2000,	'2023-05-06',	'Angsuran Ke-3 (Lunas)',	'CASH',	32,	'2023-05-06 11:24:57',	'2023-05-06 11:24:57'),
(2461,	578,	4,	287,	12,	'02329/TRX/MAU-DU/05/2023',	255000,	'2023-05-06',	'Angsuran Ke-3 (Lunas)',	'CASH',	32,	'2023-05-06 11:30:28',	'2023-05-06 11:30:28'),
(2462,	525,	4,	234,	12,	'02330/TRX/MAU-DU/05/2023',	1155000,	'2023-05-06',	'Angsuran Ke 5 (Lunas)',	'TRANSFER',	33,	'2023-05-06 12:29:02',	'2023-05-06 12:29:02'),
(2463,	510,	4,	219,	12,	'02331/TRX/MAU-DU/05/2023',	2000,	'2023-05-07',	'Angsuran Ke-5(Lunas)',	'TRANSFER',	32,	'2023-05-07 10:49:39',	'2023-05-07 10:49:39'),
(2464,	511,	4,	220,	12,	'02332/TRX/MAU-DU/05/2023',	5192000,	'2023-05-07',	'Angsuran Ke 1 (Lunas)',	'CASH',	33,	'2023-05-07 13:05:37',	'2023-05-07 13:05:37'),
(2465,	805,	4,	818,	12,	'02333/TRX/MAU-DU/05/2023',	337000,	'2023-05-08',	'Angsuran Ke-3 (Mutasi)',	'CASH',	32,	'2023-05-08 13:00:11',	'2023-05-08 13:00:11'),
(2466,	856,	4,	869,	12,	'02334/TRX/MAU-DU/05/2023',	1998000,	'2023-05-09',	'Angsuran 2 (Lunas)',	'CASH',	29,	'2023-05-09 09:53:36',	'2023-05-09 09:53:36'),
(2467,	564,	4,	273,	12,	'02335/TRX/MAU-DU/05/2023',	1655000,	'2023-05-10',	'Angsuran Ke-3 (Lunas)',	'CASH',	28,	'2023-05-10 11:55:16',	'2023-05-10 11:55:16'),
(2468,	468,	4,	177,	12,	'02336/TRX/MAU-DU/05/2023',	536000,	'2023-05-10',	'Angsuran Ke-4(Lunas)',	'CASH',	32,	'2023-05-10 12:00:18',	'2023-05-10 12:00:18'),
(2469,	356,	4,	65,	12,	'02337/TRX/MAU-DU/05/2023',	2382000,	'2023-05-11',	'Angsuran Ke 2 (Lunas)',	'CASH',	33,	'2023-05-11 09:49:34',	'2023-05-11 09:49:34'),
(2470,	244,	4,	570,	12,	'02338/TRX/MAU-DU/05/2023',	4197000,	'2023-05-14',	'Angsuran Ke 1 (Lunas)',	'CASH',	33,	'2023-05-14 08:04:59',	'2023-05-14 08:04:59'),
(2471,	701,	4,	714,	12,	'02339/TRX/MAU-DU/05/2023',	1041500,	'2023-05-14',	'Angsuran Ke 3 (Lunas)',	'CASH',	33,	'2023-05-14 10:31:43',	'2023-05-14 10:31:43'),
(2472,	50,	4,	376,	12,	'02340/TRX/MAU-DU/05/2023',	1688500,	'2023-05-14',	'Angsuran Ke 3 (Lunas)',	'CASH',	33,	'2023-05-14 10:44:30',	'2023-05-14 10:44:30'),
(2473,	898,	4,	911,	12,	'02341/TRX/MAU-DU/05/2023',	3350000,	'2023-05-14',	'Angsuran Ke-2 (Lunas)',	'CASH',	32,	'2023-05-14 12:19:20',	'2023-05-14 12:19:20'),
(2474,	694,	4,	707,	12,	'02342/TRX/MAU-DU/05/2023',	1041500,	'2023-05-15',	'Angsuran Ke-4 (Lunas)',	'TRANSFER',	32,	'2023-05-15 08:38:28',	'2023-05-15 08:38:28'),
(2475,	668,	4,	681,	12,	'02343/TRX/MAU-DU/05/2023',	2182000,	'2023-05-15',	'Angsuran Ke-2',	'TRANSFER',	32,	'2023-05-15 08:59:35',	'2023-05-15 08:59:35'),
(2476,	263,	4,	589,	12,	'02344/TRX/MAU-DU/05/2023',	540500,	'2023-05-15',	'Angsuran Ke-3 (Lunas)',	'CASH',	32,	'2023-05-15 10:49:50',	'2023-05-15 10:49:50'),
(2477,	89,	4,	415,	12,	'02345/TRX/MAU-DU/05/2023',	678500,	'2023-05-20',	'Angsuran Ke 4 (Lunas)',	'CASH',	33,	'2023-05-20 10:23:07',	'2023-05-20 10:23:07'),
(2478,	306,	4,	632,	12,	'02346/TRX/MAU-DU/05/2023',	500000,	'2023-05-21',	'Angsuran Ke 3 (PIP)',	'CASH',	33,	'2023-05-21 08:02:36',	'2023-05-21 08:02:36'),
(2479,	149,	4,	475,	12,	'02347/TRX/MAU-DU/05/2023',	1000000,	'2023-05-21',	'Angsuran Ke 1 (PIP)',	'CASH',	33,	'2023-05-21 08:04:27',	'2023-05-21 08:04:27'),
(2480,	683,	4,	696,	12,	'02348/TRX/MAU-DU/05/2023',	957000,	'2023-05-21',	'Angsuran Ke 4 (Lunas)',	'CASH',	33,	'2023-05-21 09:45:58',	'2023-05-21 09:45:58'),
(2481,	78,	4,	404,	12,	'02349/TRX/MAU-DU/05/2023',	810500,	'2023-05-21',	'Angsuran Ke 4 (Lunas)',	'CASH',	33,	'2023-05-21 10:26:10',	'2023-05-21 10:26:10'),
(2483,	748,	4,	761,	12,	'02351/TRX/MAU-DU/05/2023',	554000,	'2023-05-21',	'Angsuran Ke 6',	'CASH',	33,	'2023-05-21 10:37:15',	'2023-05-21 10:37:15'),
(2484,	541,	4,	250,	12,	'02352/TRX/MAU-DU/05/2023',	1655000,	'2023-05-21',	'Angsuran Ke 2 (Lunas)',	'CASH',	33,	'2023-05-21 11:51:19',	'2023-05-21 11:51:19'),
(2485,	198,	4,	524,	12,	'02353/TRX/MAU-DU/05/2023',	687500,	'2023-05-22',	'Angsuran Ke-4 (Lunas)',	'TRANSFER',	32,	'2023-05-22 08:47:55',	'2023-05-22 08:47:55'),
(2486,	300,	4,	626,	12,	'02354/TRX/MAU-DU/05/2023',	413000,	'2023-05-22',	'Angsuran Ke-4 (Lunas)',	'TRANSFER',	32,	'2023-05-22 08:51:55',	'2023-05-22 08:51:55'),
(2487,	956,	4,	969,	12,	'02355/TRX/MAU-DU/05/2023',	1041500,	'2023-05-22',	'Angsuran Ke-4 (Lunas)',	'TRANSFER',	32,	'2023-05-22 09:13:25',	'2023-05-22 09:13:25'),
(2488,	41,	4,	367,	12,	'02356/TRX/MAU-DU/05/2023',	932000,	'2023-05-22',	'Angsuran Ke-3 (Lunas)',	'TRANSFER',	32,	'2023-05-22 09:22:05',	'2023-05-22 09:22:05'),
(2489,	294,	4,	620,	12,	'02357/TRX/MAU-DU/05/2023',	540500,	'2023-05-22',	'Angsuran Ke-4 (Lunas)',	'TRANSFER',	32,	'2023-05-22 09:28:43',	'2023-05-22 09:28:43'),
(2490,	243,	4,	569,	12,	'02358/TRX/MAU-DU/05/2023',	540500,	'2023-05-22',	'Angsuran Ke-4(Lunas)',	'CASH',	32,	'2023-05-22 10:32:55',	'2023-05-22 10:32:55'),
(2491,	843,	4,	856,	12,	'02359/TRX/MAU-DU/05/2023',	2000000,	'2023-05-24',	'Angsuran Ke-2',	'TRANSFER',	32,	'2023-05-24 08:22:00',	'2023-05-24 08:22:00'),
(2492,	318,	4,	644,	12,	'02360/TRX/MAU-DU/05/2023',	540500,	'2023-05-25',	'Angsuran Ke 4 (Lunas)',	'CASH',	33,	'2023-05-25 10:03:01',	'2023-05-25 10:03:01'),
(2493,	118,	4,	444,	12,	'02361/TRX/MAU-DU/05/2023',	810500,	'2023-05-25',	'Angsuran Ke 4 (Lunas)',	'CASH',	33,	'2023-05-25 10:19:01',	'2023-05-25 10:19:01'),
(2494,	81,	4,	407,	12,	'02362/TRX/MAU-DU/05/2023',	810500,	'2023-05-25',	'Angsuran Ke 3 (Lunas)',	'CASH',	33,	'2023-05-25 12:56:02',	'2023-05-25 12:56:02'),
(2495,	103,	4,	429,	12,	'02363/TRX/MAU-DU/05/2023',	790000,	'2023-05-25',	'Angsuran Ke 4 (Lunas)',	'CASH',	33,	'2023-05-25 13:41:39',	'2023-05-25 13:41:39'),
(2496,	812,	4,	825,	12,	'02364/TRX/MAU-DU/05/2023',	1135000,	'2023-05-27',	'Angsuran Ke-3',	'TRANSFER',	32,	'2023-05-27 09:42:51',	'2023-05-27 09:42:51'),
(2497,	45,	4,	371,	12,	'02365/TRX/MAU-DU/05/2023',	682000,	'2023-05-27',	'Angsuran Ke 3 (Lunas)',	'CASH',	33,	'2023-05-27 12:27:51',	'2023-05-27 12:27:51'),
(2498,	921,	4,	934,	12,	'02366/TRX/MAU-DU/05/2023',	855500,	'2023-05-28',	'Angsuran Ke-3 (Lunas)',	'TRANSFER',	32,	'2023-05-28 08:01:21',	'2023-05-28 08:01:21'),
(2499,	552,	4,	261,	12,	'02367/TRX/MAU-DU/05/2023',	5192000,	'2023-05-28',	'Angsuran Ke-1 (Lunas)',	'TRANSFER',	32,	'2023-05-28 08:08:09',	'2023-05-28 08:08:09'),
(2500,	736,	4,	749,	12,	'02368/TRX/MAU-DU/05/2023',	1036000,	'2023-05-28',	'Angsuran Ke-4 (Lunas)',	'TRANSFER',	32,	'2023-05-28 08:12:19',	'2023-05-28 08:12:19'),
(2501,	85,	4,	411,	12,	'02369/TRX/MAU-DU/05/2023',	810500,	'2023-05-28',	'Angsuran Ke 5 (Lunas)',	'CASH',	33,	'2023-05-28 11:00:05',	'2023-05-28 11:00:05'),
(2502,	709,	4,	722,	12,	'02370/TRX/MAU-DU/05/2023',	984000,	'2023-05-28',	'Angsuran Ke- 4 (Lunas)',	'CASH',	32,	'2023-05-28 11:48:16',	'2023-05-28 11:48:16'),
(2503,	171,	4,	497,	12,	'02371/TRX/MAU-DU/05/2023',	1500000,	'2023-05-28',	'Angsuran Ke-4',	'CASH',	32,	'2023-05-28 14:14:11',	'2023-05-28 14:14:11'),
(2504,	960,	4,	67,	12,	'02372/TRX/MAU-DU/05/2023',	1845000,	'2023-05-28',	'Angsuran Ke-2 (Lunas)',	'TRANSFER',	32,	'2023-05-28 14:20:16',	'2023-05-28 14:20:16'),
(2505,	655,	4,	668,	12,	'02373/TRX/MAU-DU/05/2023',	1034000,	'2023-05-29',	'Angsuran Ke-5 (Lunas)',	'CASH',	32,	'2023-05-29 08:17:13',	'2023-05-29 08:17:13'),
(2506,	43,	4,	369,	12,	'02374/TRX/MAU-DU/05/2023',	808500,	'2023-05-29',	'Angsuran Ke 4 (Lunas)',	'CASH',	33,	'2023-05-29 08:24:43',	'2023-05-29 08:24:43'),
(2507,	957,	4,	970,	12,	'02375/TRX/MAU-DU/05/2023',	1041500,	'2023-05-29',	'Angsuran Ke-4 (Lunas)',	'TRANSFER',	32,	'2023-05-29 08:24:46',	'2023-05-29 08:24:46'),
(2508,	660,	4,	673,	12,	'02376/TRX/MAU-DU/05/2023',	1041500,	'2023-05-29',	'Angsuran Ke-4 (Lunas)',	'TRANSFER',	32,	'2023-05-29 08:26:52',	'2023-05-29 08:26:52'),
(2509,	254,	4,	580,	12,	'02377/TRX/MAU-DU/05/2023',	1414000,	'2023-05-29',	'Angsuran Ke 2 (Lunas)',	'CASH',	33,	'2023-05-29 10:16:23',	'2023-05-29 10:16:23'),
(2510,	716,	4,	729,	12,	'02378/TRX/MAU-DU/05/2023',	1040500,	'2023-05-30',	'Angsuran Ke-4 (Lunas)',	'TRANSFER',	32,	'2023-05-30 08:11:36',	'2023-05-30 08:11:36'),
(2511,	652,	4,	665,	12,	'02379/TRX/MAU-DU/05/2023',	1041500,	'2023-05-30',	'Angsuran Ke-4 (Lunas)',	'TRANSFER',	32,	'2023-05-30 08:13:13',	'2023-05-30 08:13:13'),
(2512,	66,	4,	392,	12,	'02380/TRX/MAU-DU/05/2023',	812500,	'2023-05-30',	'Angsuran Ke-4 (Lunas)',	'TRANSFER',	32,	'2023-05-30 08:33:29',	'2023-05-30 08:33:29'),
(2513,	900,	4,	913,	12,	'02381/TRX/MAU-DU/05/2023',	798000,	'2023-05-30',	'Angsuran Ke-3 (Lunas)',	'TRANSFER',	32,	'2023-05-30 08:35:31',	'2023-05-30 08:35:31'),
(2514,	326,	4,	652,	12,	'02382/TRX/MAU-DU/05/2023',	500000,	'2023-05-30',	'Angsuran Ke 6',	'CASH',	33,	'2023-05-30 10:23:38',	'2023-05-30 10:23:38'),
(2515,	192,	4,	518,	12,	'02383/TRX/MAU-DU/05/2023',	871500,	'2023-05-30',	'Angsuran Ke-2',	'CASH',	32,	'2023-05-30 10:58:46',	'2023-05-30 10:58:46'),
(2516,	905,	4,	918,	12,	'02384/TRX/MAU-DU/05/2023',	998000,	'2023-05-30',	'Angsuran Ke 5 (Lunas)',	'CASH',	33,	'2023-05-30 11:18:49',	'2023-05-30 11:18:49'),
(2517,	46,	4,	372,	12,	'02385/TRX/MAU-DU/05/2023',	810500,	'2023-05-30',	'Angsuran Ke 3 (Lunas)',	'CASH',	33,	'2023-05-30 15:39:18',	'2023-05-30 15:39:18'),
(2520,	855,	4,	868,	12,	'02388/TRX/MAU-DU/05/2023',	855500,	'2023-05-30',	'Angsuran Ke-4 (Lunas)',	'TRANSFER',	32,	'2023-05-31 08:55:16',	'2023-05-31 08:55:16'),
(2521,	929,	4,	942,	12,	'02389/TRX/MAU-DU/05/2023',	857500,	'2023-05-30',	'Angsuran Ke-5 (Lunas)',	'TRANSFER',	32,	'2023-05-31 08:58:23',	'2023-05-31 08:58:23'),
(2522,	154,	4,	480,	12,	'02390/TRX/MAU-DU/05/2023',	687500,	'2023-05-30',	'Angsuran Ke-3 (Lunas)',	'TRANSFER',	32,	'2023-05-31 09:01:25',	'2023-05-31 09:01:25'),
(2523,	140,	4,	466,	12,	'02391/TRX/MAU-DU/05/2023',	689500,	'2023-05-30',	'Angsuran Ke-5(Lunas)',	'TRANSFER',	32,	'2023-05-31 09:03:25',	'2023-05-31 09:03:25'),
(2525,	843,	4,	856,	12,	'02393/TRX/MAU-DU/05/2023',	1350000,	'2023-05-30',	'Angsuran Ke-3 (Lunas)',	'TRANSFER',	32,	'2023-05-31 11:00:29',	'2023-05-31 11:00:29'),
(2527,	465,	4,	174,	12,	'02395/TRX/MAU-DU/05/2023',	1086000,	'2023-06-01',	'Angsuran Ke-4 (Lunas)',	'CASH',	32,	'2023-05-31 11:12:44',	'2023-05-31 11:12:44'),
(2528,	943,	4,	956,	12,	'02396/TRX/MAU-DU/05/2023',	855500,	'2023-06-01',	'Angsuran Ke 5 (Lunas)',	'CASH',	33,	'2023-05-31 13:05:58',	'2023-05-31 13:05:58'),
(2529,	333,	4,	659,	12,	'02397/TRX/MAU-DU/05/2023',	2000000,	'2023-05-31',	'Angsuran Ke-3',	'CASH',	32,	'2023-05-31 13:50:00',	'2023-05-31 13:50:00'),
(2530,	202,	4,	528,	12,	'02398/TRX/MAU-DU/06/2023',	684000,	'2023-06-03',	'Angsuran Ke 4 (Lunas)',	'CASH',	29,	'2023-06-03 08:50:18',	'2023-06-03 08:50:18'),
(2531,	199,	4,	525,	12,	'02399/TRX/MAU-DU/06/2023',	684000,	'2023-06-03',	'Angsuran Ke 3 (Lunas)',	'CASH',	29,	'2023-06-03 08:53:26',	'2023-06-03 08:53:26'),
(2532,	544,	4,	253,	12,	'02400/TRX/MAU-DU/06/2023',	2392000,	'2023-06-03',	'Angsuran Ke 3 (Lunas)',	'CASH',	29,	'2023-06-03 10:00:34',	'2023-06-03 10:00:34'),
(2533,	830,	4,	843,	12,	'02401/TRX/MAU-DU/06/2023',	2350000,	'2023-06-03',	'Angsuran Ke 3 (Lunas)',	'CASH',	33,	'2023-06-03 10:34:38',	'2023-06-03 10:34:38'),
(2534,	796,	4,	809,	12,	'02402/TRX/MAU-DU/06/2023',	500000,	'2023-06-03',	'Angsuran Ke 6',	'CASH',	33,	'2023-06-03 11:48:34',	'2023-06-03 11:48:34'),
(2535,	228,	4,	554,	12,	'02403/TRX/MAU-DU/06/2023',	512000,	'2023-06-03',	'Angsuran Ke 3 (Lunas)',	'CASH',	33,	'2023-06-03 12:42:04',	'2023-06-03 12:42:04'),
(2536,	738,	4,	751,	12,	'02404/TRX/MAU-DU/06/2023',	1041500,	'2023-06-03',	'Angsuran Ke 3 (Lunas)',	'CASH',	33,	'2023-06-03 12:46:41',	'2023-06-03 12:46:41'),
(2537,	934,	4,	947,	12,	'02405/TRX/MAU-DU/06/2023',	855000,	'2023-06-03',	'Angsuran Ke 4 (Lunas)',	'CASH',	33,	'2023-06-03 13:17:49',	'2023-06-03 13:17:49'),
(2538,	789,	4,	802,	12,	'02406/TRX/MAU-DU/06/2023',	1143000,	'2023-06-03',	'Angsuran Ke-3',	'TRANSFER',	29,	'2023-06-03 13:19:41',	'2023-06-03 13:19:41'),
(2539,	789,	4,	802,	12,	'02407/TRX/MAU-DU/06/2023',	1014000,	'2023-06-03',	'Angsuran Ke-4 (Lunas)',	'CASH',	29,	'2023-06-03 13:23:37',	'2023-06-03 13:23:37'),
(2540,	121,	4,	447,	12,	'02408/TRX/MAU-DU/06/2023',	811000,	'2023-06-03',	'Angsuran Ke 3 (Lunas)',	'CASH',	33,	'2023-06-03 13:39:28',	'2023-06-03 13:39:28'),
(2541,	759,	4,	772,	12,	'02409/TRX/MAU-DU/06/2023',	1557000,	'2023-06-03',	'Angsuran Ke 5 (Lunas)',	'CASH',	33,	'2023-06-03 13:55:18',	'2023-06-03 13:55:18'),
(2542,	49,	4,	375,	12,	'02410/TRX/MAU-DU/06/2023',	1467000,	'2023-06-04',	'Angsuran Ke 2 (Lunas)',	'CASH',	33,	'2023-06-04 14:31:08',	'2023-06-04 14:31:08'),
(2543,	772,	4,	785,	12,	'02411/TRX/MAU-DU/06/2023',	1014500,	'2023-06-05',	'Angsuran Ke 3 (Lunas)',	'CASH',	29,	'2023-06-05 07:48:51',	'2023-06-05 07:48:51'),
(2544,	682,	4,	695,	12,	'02412/TRX/MAU-DU/06/2023',	1500000,	'2023-06-05',	'Angsuran Ke-2',	'TRANSFER',	32,	'2023-06-05 08:28:55',	'2023-06-05 08:28:55'),
(2545,	795,	4,	808,	12,	'02413/TRX/MAU-DU/06/2023',	1012000,	'2023-06-05',	'Angsuran Ke-3 (Lunas)',	'TRANSFER',	32,	'2023-06-05 08:31:35',	'2023-06-05 08:31:35'),
(2546,	801,	4,	814,	12,	'02414/TRX/MAU-DU/06/2023',	1142500,	'2023-06-05',	'Angsuran Ke-2',	'TRANSFER',	32,	'2023-06-05 08:41:52',	'2023-06-05 08:41:52'),
(2547,	801,	4,	814,	12,	'02415/TRX/MAU-DU/06/2023',	1014500,	'2023-06-05',	'Angsuran Ke-3 (Lunas)',	'CASH',	32,	'2023-06-05 08:48:38',	'2023-06-05 08:48:38'),
(2548,	730,	4,	743,	12,	'02416/TRX/MAU-DU/06/2023',	1143000,	'2023-06-05',	'Angsuran Ke-2',	'TRANSFER',	32,	'2023-06-05 09:01:11',	'2023-06-05 09:01:11'),
(2549,	705,	4,	718,	12,	'02417/TRX/MAU-DU/06/2023',	1041500,	'2023-06-05',	'Angsuran Ke-4 (Lunas)',	'TRANSFER',	32,	'2023-06-05 09:09:13',	'2023-06-05 09:09:13'),
(2550,	769,	4,	782,	12,	'02418/TRX/MAU-DU/06/2023',	2000,	'2023-06-05',	'Angsuran Ke 3 (Lunas)',	'CASH',	33,	'2023-06-05 09:45:03',	'2023-06-05 09:45:03'),
(2551,	330,	4,	656,	12,	'02419/TRX/MAU-DU/06/2023',	540000,	'2023-06-05',	'Angsuran Ke 4 (Lunas)',	'CASH',	33,	'2023-06-05 09:59:58',	'2023-06-05 09:59:58'),
(2552,	746,	4,	759,	12,	'02420/TRX/MAU-DU/06/2023',	1041500,	'2023-06-05',	'Angsuran Ke 4 (Lunas)',	'CASH',	33,	'2023-06-05 10:18:27',	'2023-06-05 10:18:27'),
(2553,	181,	4,	507,	12,	'02421/TRX/MAU-DU/06/2023',	644000,	'2023-06-05',	'Angsuran Ke 5 (Lunas)',	'CASH',	33,	'2023-06-05 10:20:39',	'2023-06-05 10:20:39'),
(2554,	913,	4,	926,	12,	'02422/TRX/MAU-DU/06/2023',	855500,	'2023-06-05',	'Angsuran Ke 5 (Lunas)',	'CASH',	33,	'2023-06-05 10:26:37',	'2023-06-05 10:26:37'),
(2555,	708,	4,	721,	12,	'02423/TRX/MAU-DU/06/2023',	1041500,	'2023-06-05',	'Angsuran Ke 4 (Lunas)',	'CASH',	33,	'2023-06-05 10:28:17',	'2023-06-05 10:28:17'),
(2556,	689,	4,	702,	12,	'02424/TRX/MAU-DU/06/2023',	2000,	'2023-06-05',	'Angsuran Ke 3 (Lunas)',	'CASH',	33,	'2023-06-05 10:29:51',	'2023-06-05 10:29:51'),
(2557,	698,	4,	711,	12,	'02425/TRX/MAU-DU/06/2023',	2000,	'2023-06-05',	'Angsuran Ke 2 (Lunas)',	'CASH',	33,	'2023-06-05 10:31:21',	'2023-06-05 10:31:21'),
(2558,	750,	4,	763,	12,	'02426/TRX/MAU-DU/06/2023',	1041000,	'2023-06-05',	'Angsuran Ke 3 (Lunas)',	'CASH',	33,	'2023-06-05 10:32:56',	'2023-06-05 10:32:56'),
(2559,	731,	4,	744,	12,	'02427/TRX/MAU-DU/06/2023',	784000,	'2023-06-05',	'Angsuran Ke 4 (Lunas)',	'CASH',	33,	'2023-06-05 10:34:53',	'2023-06-05 10:34:53'),
(2560,	110,	4,	436,	12,	'02428/TRX/MAU-DU/06/2023',	782000,	'2023-06-05',	'Angsuran Ke 4 (Lunas)',	'CASH',	33,	'2023-06-05 10:36:13',	'2023-06-05 10:36:13'),
(2561,	97,	4,	423,	12,	'02429/TRX/MAU-DU/06/2023',	782000,	'2023-06-05',	'Angsuran Ke 4 (Lunas)',	'CASH',	33,	'2023-06-05 10:37:48',	'2023-06-05 10:37:48'),
(2562,	250,	4,	576,	12,	'02430/TRX/MAU-DU/06/2023',	539000,	'2023-06-05',	'Angsuran Ke 4 (Lunas)',	'CASH',	33,	'2023-06-05 10:39:21',	'2023-06-05 10:39:21'),
(2563,	120,	4,	446,	12,	'02431/TRX/MAU-DU/06/2023',	810500,	'2023-06-05',	'Angsuran Ke 4 (Lunas)',	'CASH',	33,	'2023-06-05 10:42:10',	'2023-06-05 10:42:10'),
(2564,	262,	4,	588,	12,	'02432/TRX/MAU-DU/06/2023',	540000,	'2023-06-05',	'Angsuran Ke 3 (Lunas)',	'CASH',	33,	'2023-06-05 10:45:33',	'2023-06-05 10:45:33'),
(2565,	326,	4,	652,	12,	'02433/TRX/MAU-DU/06/2023',	40500,	'2023-06-05',	'Angsuran Ke 6 (Lunas)',	'CASH',	33,	'2023-06-05 10:53:58',	'2023-06-05 10:53:58'),
(2566,	713,	4,	726,	12,	'02434/TRX/MAU-DU/06/2023',	1041000,	'2023-06-05',	'Angsuran Ke-5 (Lunas)',	'TRANSFER',	32,	'2023-06-05 11:40:02',	'2023-06-05 11:40:02'),
(2567,	842,	4,	855,	12,	'02435/TRX/MAU-DU/06/2023',	855500,	'2023-06-05',	'Angsuran Ke-3 (Lunas)',	'TRANSFER',	32,	'2023-06-05 11:42:05',	'2023-06-05 11:42:05'),
(2568,	685,	4,	698,	12,	'02436/TRX/MAU-DU/06/2023',	1041500,	'2023-06-05',	'Angsuran Ke-4 (Lunas)',	'TRANSFER',	32,	'2023-06-05 11:43:28',	'2023-06-05 11:43:28'),
(2569,	182,	4,	508,	12,	'02437/TRX/MAU-DU/06/2023',	1559000,	'2023-06-05',	'Angsuran Ke-2 (Lunas)',	'TRANSFER',	32,	'2023-06-05 11:53:12',	'2023-06-05 11:53:12'),
(2570,	857,	4,	870,	12,	'02438/TRX/MAU-DU/06/2023',	997421,	'2023-06-05',	'Angsuran Ke-4 (Lunas)',	'TRANSFER',	32,	'2023-06-05 11:58:59',	'2023-06-05 11:58:59'),
(2571,	945,	4,	958,	12,	'02439/TRX/MAU-DU/06/2023',	855500,	'2023-06-05',	'Angsuran Ke-3 (Lunas)',	'TRANSFER',	32,	'2023-06-05 12:02:41',	'2023-06-05 12:02:41'),
(2572,	899,	4,	912,	12,	'02440/TRX/MAU-DU/06/2023',	855500,	'2023-06-05',	'Angsuran Ke-3 (Lunas)',	'TRANSFER',	32,	'2023-06-05 12:04:58',	'2023-06-05 12:04:58'),
(2573,	784,	4,	797,	12,	'02441/TRX/MAU-DU/06/2023',	1014500,	'2023-06-05',	'Angsuran Ke-4 (Lunas)',	'TRANSFER',	32,	'2023-06-05 12:06:44',	'2023-06-05 12:06:44'),
(2574,	725,	4,	738,	12,	'02442/TRX/MAU-DU/06/2023',	1034500,	'2023-06-05',	'Angsuran Ke-4 (Lunas)',	'TRANSFER',	32,	'2023-06-05 12:08:36',	'2023-06-05 12:08:36'),
(2575,	151,	4,	477,	12,	'02443/TRX/MAU-DU/06/2023',	686000,	'2023-06-05',	'Angsuran Ke-4 (Lunas)',	'TRANSFER',	32,	'2023-06-05 12:11:23',	'2023-06-05 12:11:23'),
(2576,	778,	4,	791,	12,	'02444/TRX/MAU-DU/06/2023',	1009500,	'2023-06-05',	'Angsuran Ke-4 (Lunas)',	'TRANSFER',	32,	'2023-06-05 12:13:46',	'2023-06-05 12:13:46'),
(2577,	815,	4,	828,	12,	'02445/TRX/MAU-DU/06/2023',	1144500,	'2023-06-05',	'Angsuran Ke-3',	'TRANSFER',	32,	'2023-06-05 12:17:32',	'2023-06-05 12:17:32'),
(2578,	662,	4,	675,	12,	'02446/TRX/MAU-DU/06/2023',	1041500,	'2023-06-05',	'Angsuran Ke-3 (Lunas)',	'TRANSFER',	32,	'2023-06-05 12:19:05',	'2023-06-05 12:19:05'),
(2579,	703,	4,	716,	12,	'02447/TRX/MAU-DU/06/2023',	1041500,	'2023-06-05',	'Angsuran Ke-4 (Lunas)',	'TRANSFER',	32,	'2023-06-05 12:21:12',	'2023-06-05 12:21:12'),
(2580,	735,	4,	748,	12,	'02448/TRX/MAU-DU/06/2023',	1040500,	'2023-06-05',	'Angsuran Ke-4 (Lunas)',	'TRANSFER',	32,	'2023-06-05 12:23:33',	'2023-06-05 12:23:33'),
(2581,	831,	4,	844,	12,	'02449/TRX/MAU-DU/06/2023',	855500,	'2023-06-05',	'Angsuran Ke-4 (Lunas)',	'TRANSFER',	32,	'2023-06-05 12:28:53',	'2023-06-05 12:28:53'),
(2582,	741,	4,	754,	12,	'02450/TRX/MAU-DU/06/2023',	2183000,	'2023-06-05',	'Angsuran Ke-2 (Lunas)',	'TRANSFER',	32,	'2023-06-05 12:30:46',	'2023-06-05 12:30:46'),
(2583,	726,	4,	739,	12,	'02451/TRX/MAU-DU/06/2023',	1142500,	'2023-06-05',	'Angsuran Ke-3',	'TRANSFER',	32,	'2023-06-05 12:34:02',	'2023-06-05 12:34:02'),
(2584,	881,	4,	894,	12,	'02452/TRX/MAU-DU/06/2023',	850500,	'2023-06-05',	'Angsuran Ke-4 (Lunas)',	'TRANSFER',	32,	'2023-06-05 12:35:57',	'2023-06-05 12:35:57'),
(2585,	57,	4,	383,	12,	'02453/TRX/MAU-DU/06/2023',	810500,	'2023-06-05',	'Angsuran Ke-4 (Lunas)',	'TRANSFER',	32,	'2023-06-05 12:37:56',	'2023-06-05 12:37:56'),
(2586,	194,	4,	520,	12,	'02454/TRX/MAU-DU/06/2023',	687500,	'2023-06-05',	'Angsuran Ke-5 (Lunas)',	'TRANSFER',	32,	'2023-06-05 12:40:13',	'2023-06-05 12:40:13'),
(2587,	757,	4,	770,	12,	'02455/TRX/MAU-DU/06/2023',	1298000,	'2023-06-05',	'Angsuran Ke-4 (Lunas)',	'TRANSFER',	32,	'2023-06-05 12:42:56',	'2023-06-05 12:42:56'),
(2588,	824,	4,	837,	12,	'02456/TRX/MAU-DU/06/2023',	855500,	'2023-06-05',	'Angsuran Ke-4 (Lunas)',	'TRANSFER',	32,	'2023-06-05 12:45:27',	'2023-06-05 12:45:27'),
(2589,	702,	4,	715,	12,	'02457/TRX/MAU-DU/06/2023',	1041000,	'2023-06-05',	'Angsuran Ke-4 (Lunas)',	'TRANSFER',	32,	'2023-06-05 12:46:52',	'2023-06-05 12:46:52'),
(2590,	953,	4,	967,	12,	'02458/TRX/MAU-DU/06/2023',	1000000,	'2023-06-05',	'Angsuran Ke-4 (Lunas)',	'TRANSFER',	32,	'2023-06-05 12:49:29',	'2023-06-05 12:49:29'),
(2591,	235,	4,	561,	12,	'02459/TRX/MAU-DU/06/2023',	539000,	'2023-06-05',	'Angsuran Ke-3 (Lunas)',	'TRANSFER',	32,	'2023-06-05 12:51:02',	'2023-06-05 12:51:02'),
(2592,	192,	4,	518,	12,	'02460/TRX/MAU-DU/06/2023',	687500,	'2023-06-05',	'Angsuran Ke-3 (Lunas)',	'TRANSFER',	32,	'2023-06-05 12:55:31',	'2023-06-05 12:55:31'),
(2593,	901,	4,	914,	12,	'02461/TRX/MAU-DU/06/2023',	855500,	'2023-06-05',	'Angsuran Ke-4 (Lunas)',	'TRANSFER',	32,	'2023-06-05 13:03:07',	'2023-06-05 13:03:07'),
(2594,	827,	4,	840,	12,	'02462/TRX/MAU-DU/06/2023',	855500,	'2023-06-05',	'Angsuran Ke-4 (Lunas)',	'TRANSFER',	32,	'2023-06-05 13:06:40',	'2023-06-05 13:06:40'),
(2595,	790,	4,	803,	12,	'02463/TRX/MAU-DU/06/2023',	350000,	'2023-06-05',	'Angsuran Ke-4',	'TRANSFER',	32,	'2023-06-05 13:09:29',	'2023-06-05 13:09:29'),
(2596,	98,	4,	424,	12,	'02464/TRX/MAU-DU/06/2023',	810500,	'2023-06-05',	'Angsuran Ke-3 (Lunas)',	'TRANSFER',	32,	'2023-06-05 13:13:20',	'2023-06-05 13:13:20'),
(2597,	291,	4,	617,	12,	'02465/TRX/MAU-DU/06/2023',	538500,	'2023-06-05',	'Angsuran Ke-4',	'TRANSFER',	32,	'2023-06-05 13:15:05',	'2023-06-05 13:15:05'),
(2598,	174,	4,	500,	12,	'02466/TRX/MAU-DU/06/2023',	687500,	'2023-06-05',	'Angsuran Ke-4 (Lunas)',	'TRANSFER',	32,	'2023-06-05 13:20:03',	'2023-06-05 13:20:03'),
(2599,	696,	4,	709,	12,	'02467/TRX/MAU-DU/06/2023',	1041500,	'2023-06-05',	'Angsuran Ke-4 (Lunas)',	'CASH',	32,	'2023-06-05 13:21:27',	'2023-06-05 13:21:27'),
(2600,	337,	4,	663,	12,	'02468/TRX/MAU-DU/06/2023',	40500,	'2023-06-05',	'Angsuran Ke-6 (Lunas)',	'CASH',	32,	'2023-06-05 13:24:39',	'2023-06-05 13:24:39'),
(2601,	315,	4,	641,	12,	'02469/TRX/MAU-DU/06/2023',	508000,	'2023-06-05',	'Angsuran Ke-5 (Lunas)',	'TRANSFER',	32,	'2023-06-05 13:27:12',	'2023-06-05 13:27:12'),
(2602,	245,	4,	571,	12,	'02470/TRX/MAU-DU/06/2023',	112000,	'2023-06-05',	'Angsuran Ke-4 (Lunas)',	'TRANSFER',	32,	'2023-06-05 13:29:01',	'2023-06-05 13:29:01'),
(2603,	654,	4,	667,	12,	'02471/TRX/MAU-DU/06/2023',	1041500,	'2023-06-05',	'Angsuran Ke-4 (Lunas)',	'CASH',	32,	'2023-06-05 14:48:04',	'2023-06-05 14:48:04'),
(2604,	72,	4,	398,	12,	'02472/TRX/MAU-DU/06/2023',	500000,	'2023-06-06',	'Angsuran Ke 4',	'CASH',	29,	'2023-06-06 07:39:34',	'2023-06-06 07:39:34'),
(2605,	316,	4,	642,	12,	'02473/TRX/MAU-DU/06/2023',	537000,	'2023-06-06',	'Angsuran Ke 4 (Lunas)',	'CASH',	33,	'2023-06-06 08:16:44',	'2023-06-06 08:16:44'),
(2606,	803,	4,	816,	12,	'02474/TRX/MAU-DU/06/2023',	1016500,	'2023-06-06',	'Angsuran Ke-3 (Lunas)',	'CASH',	32,	'2023-06-06 10:09:44',	'2023-06-06 10:09:44'),
(2607,	209,	4,	535,	12,	'02475/TRX/MAU-DU/06/2023',	510500,	'2023-06-06',	'Angsuran Ke-4 (Lunas)',	'TRANSFER',	32,	'2023-06-06 10:16:01',	'2023-06-06 10:16:01'),
(2608,	704,	4,	717,	12,	'02476/TRX/MAU-DU/06/2023',	1041500,	'2023-06-06',	'Angsuran Ke-4',	'TRANSFER',	32,	'2023-06-06 10:19:13',	'2023-06-06 10:19:13'),
(2609,	712,	4,	725,	12,	'02477/TRX/MAU-DU/06/2023',	1041500,	'2023-06-06',	'Angsuran Ke-3 (Lunas)',	'TRANSFER',	32,	'2023-06-06 10:21:10',	'2023-06-06 10:21:10'),
(2610,	242,	4,	568,	12,	'02478/TRX/MAU-DU/06/2023',	540000,	'2023-06-06',	'Angsuran Ke-5 (Lunas)',	'TRANSFER',	32,	'2023-06-06 10:23:52',	'2023-06-06 10:23:52'),
(2611,	674,	4,	687,	12,	'02479/TRX/MAU-DU/06/2023',	1043500,	'2023-06-06',	'Angsuran Ke-3 (Lunas)',	'TRANSFER',	32,	'2023-06-06 10:26:02',	'2023-06-06 10:26:02'),
(2612,	166,	4,	492,	12,	'02480/TRX/MAU-DU/06/2023',	684000,	'2023-06-06',	'Angsuran Ke-3 (Lunas)',	'TRANSFER',	32,	'2023-06-06 10:31:26',	'2023-06-06 10:31:26'),
(2613,	661,	4,	674,	12,	'02481/TRX/MAU-DU/06/2023',	3036000,	'2023-06-06',	'Angsuran Ke-2 (Lunas)',	'TRANSFER',	32,	'2023-06-06 10:34:04',	'2023-06-06 10:34:04'),
(2614,	718,	4,	731,	12,	'02482/TRX/MAU-DU/06/2023',	1041500,	'2023-06-06',	'Angsuran Ke-4 (Lunas)',	'TRANSFER',	32,	'2023-06-06 10:36:00',	'2023-06-06 10:36:00'),
(2615,	821,	4,	834,	12,	'02483/TRX/MAU-DU/06/2023',	855500,	'2023-06-06',	'Angsuran Ke-4 (Lunas)',	'TRANSFER',	32,	'2023-06-06 10:37:52',	'2023-06-06 10:37:52'),
(2616,	755,	4,	768,	12,	'02484/TRX/MAU-DU/06/2023',	1041500,	'2023-06-06',	'Angsuran Ke-4',	'TRANSFER',	32,	'2023-06-06 10:41:12',	'2023-06-06 10:41:12'),
(2617,	717,	4,	730,	12,	'02485/TRX/MAU-DU/06/2023',	1041500,	'2023-06-06',	'Angsuran Ke-4 (Lunas)',	'TRANSFER',	32,	'2023-06-06 10:43:04',	'2023-06-06 10:43:04'),
(2618,	156,	4,	482,	12,	'02486/TRX/MAU-DU/06/2023',	500000,	'2023-06-06',	'Angsuran Ke 2',	'CASH',	33,	'2023-06-06 12:25:16',	'2023-06-06 12:25:16'),
(2619,	808,	4,	821,	12,	'02487/TRX/MAU-DU/06/2023',	1014500,	'2023-06-06',	'Angsuran Ke-3 (Lunas)',	'TRANSFER',	32,	'2023-06-06 12:41:53',	'2023-06-06 12:41:53'),
(2620,	686,	4,	699,	12,	'02488/TRX/MAU-DU/06/2023',	1036000,	'2023-06-06',	'Angsuran Ke-4 (Lunas)',	'TRANSFER',	32,	'2023-06-06 12:45:40',	'2023-06-06 12:45:40'),
(2621,	261,	4,	587,	12,	'02489/TRX/MAU-DU/06/2023',	2000,	'2023-06-06',	'Angsuran Ke-3 (Lunas)',	'CASH',	32,	'2023-06-06 13:16:30',	'2023-06-06 13:16:30'),
(2622,	322,	4,	648,	12,	'02490/TRX/MAU-DU/06/2023',	497000,	'2023-06-06',	'Angsuran Ke-4 (Lunas)',	'CASH',	32,	'2023-06-06 13:17:50',	'2023-06-06 13:17:50'),
(2623,	272,	4,	598,	12,	'02491/TRX/MAU-DU/06/2023',	197000,	'2023-06-06',	'Angsuran Ke-4 (Lunas)',	'CASH',	32,	'2023-06-06 13:19:12',	'2023-06-06 13:19:12'),
(2624,	732,	4,	745,	12,	'02492/TRX/MAU-DU/06/2023',	1041500,	'2023-06-06',	'Angsuran Ke-3 (Lunas)',	'CASH',	32,	'2023-06-06 13:20:32',	'2023-06-06 13:20:32'),
(2625,	670,	4,	683,	12,	'02493/TRX/MAU-DU/06/2023',	1036000,	'2023-06-06',	'Angsuran Ke 4 (Lunas)',	'CASH',	29,	'2023-06-06 13:34:01',	'2023-06-06 13:34:01'),
(2626,	820,	4,	833,	12,	'02494/TRX/MAU-DU/06/2023',	1014500,	'2023-06-06',	'Angsuran Ke 4 (Lunas)',	'CASH',	33,	'2023-06-06 14:38:28',	'2023-06-06 14:38:28'),
(2627,	279,	4,	605,	12,	'02495/TRX/MAU-DU/06/2023',	540500,	'2023-06-07',	'Angsuran Ke-4 (Lunas)',	'TRANSFER',	32,	'2023-06-07 09:01:19',	'2023-06-07 09:01:19'),
(2628,	793,	4,	806,	12,	'02496/TRX/MAU-DU/06/2023',	1014500,	'2023-06-07',	'Angsuran Ke-4 (Lunas)',	'TRANSFER',	32,	'2023-06-07 09:03:41',	'2023-06-07 09:03:41'),
(2629,	124,	4,	450,	12,	'02497/TRX/MAU-DU/06/2023',	810500,	'2023-06-07',	'Angsuran Ke-5 (Lunas)',	'TRANSFER',	32,	'2023-06-07 09:06:32',	'2023-06-07 09:06:32'),
(2630,	693,	4,	706,	12,	'02498/TRX/MAU-DU/06/2023',	1041500,	'2023-06-07',	'Angsuran Ke-4 (Lunas)',	'TRANSFER',	32,	'2023-06-07 09:09:18',	'2023-06-07 09:09:18'),
(2631,	726,	4,	739,	12,	'02499/TRX/MAU-DU/06/2023',	1041500,	'2023-06-07',	'Angsuran Ke-4 (Lunas)',	'TRANSFER',	32,	'2023-06-07 09:11:19',	'2023-06-07 09:11:19'),
(2632,	106,	4,	432,	12,	'02500/TRX/MAU-DU/06/2023',	810500,	'2023-06-07',	'Angsuran Ke-3 (Lunas)',	'TRANSFER',	32,	'2023-06-07 09:26:41',	'2023-06-07 09:26:41'),
(2633,	919,	4,	932,	12,	'02501/TRX/MAU-DU/06/2023',	1998000,	'2023-06-07',	'Angsuran Ke-3 (Lunas)',	'TRANSFER',	32,	'2023-06-07 09:36:33',	'2023-06-07 09:36:33'),
(2634,	51,	4,	377,	12,	'02502/TRX/MAU-DU/06/2023',	867000,	'2023-06-07',	'Angsuran Ke 3 (Lunas)',	'CASH',	33,	'2023-06-07 09:59:10',	'2023-06-07 09:59:10'),
(2635,	114,	4,	440,	12,	'02503/TRX/MAU-DU/06/2023',	810500,	'2023-06-07',	'Angsuran Ke 4 (Lunas)',	'CASH',	33,	'2023-06-07 10:21:01',	'2023-06-07 10:21:01'),
(2636,	73,	4,	399,	12,	'02504/TRX/MAU-DU/06/2023',	687000,	'2023-06-07',	'Angsuran Ke 4 (Lunas)',	'CASH',	33,	'2023-06-07 10:23:13',	'2023-06-07 10:23:13'),
(2637,	748,	4,	761,	12,	'02505/TRX/MAU-DU/06/2023',	480000,	'2023-06-07',	'Angsuran Ke 6 (Lunas)',	'CASH',	33,	'2023-06-07 10:24:36',	'2023-06-07 10:24:36'),
(2638,	119,	4,	445,	12,	'02506/TRX/MAU-DU/06/2023',	4000,	'2023-06-07',	'Angsuran Ke 3 (Lunas)',	'CASH',	33,	'2023-06-07 10:26:10',	'2023-06-07 10:26:10'),
(2639,	127,	4,	453,	12,	'02507/TRX/MAU-DU/06/2023',	810500,	'2023-06-07',	'Angsuran Ke 3 (Lunas)',	'CASH',	33,	'2023-06-07 10:27:08',	'2023-06-07 10:27:08'),
(2640,	771,	4,	784,	12,	'02508/TRX/MAU-DU/06/2023',	1014500,	'2023-06-07',	'Angsuran Ke 5 (Lunas)',	'TRANSFER',	33,	'2023-06-07 11:09:06',	'2023-06-07 11:09:06'),
(2642,	171,	4,	497,	12,	'02510/TRX/MAU-DU/06/2023',	44000,	'2023-06-07',	'Angsuran Ke-5 (Lunas)',	'CASH',	32,	'2023-06-07 15:48:29',	'2023-06-07 15:48:29'),
(2643,	91,	4,	417,	12,	'02511/TRX/MAU-DU/06/2023',	767000,	'2023-06-08',	'Angsuran Ke-3 (Lunas)',	'TRANSFER',	32,	'2023-06-08 08:37:21',	'2023-06-08 08:37:21'),
(2644,	122,	4,	448,	12,	'02512/TRX/MAU-DU/06/2023',	810500,	'2023-06-08',	'Angsuran Ke-5 (Lunas)',	'TRANSFER',	32,	'2023-06-08 08:40:37',	'2023-06-08 08:40:37'),
(2645,	889,	4,	902,	12,	'02513/TRX/MAU-DU/06/2023',	1850000,	'2023-06-08',	'Angsuran Ke-4 (Lunas)',	'TRANSFER',	32,	'2023-06-08 08:42:23',	'2023-06-08 08:42:23'),
(2646,	111,	4,	437,	12,	'02514/TRX/MAU-DU/06/2023',	810500,	'2023-06-08',	'Angsuran Ke-4 (Lunas)',	'TRANSFER',	32,	'2023-06-08 08:45:31',	'2023-06-08 08:45:31'),
(2647,	770,	4,	783,	12,	'02515/TRX/MAU-DU/06/2023',	1000000,	'2023-06-08',	'Angsuran Ke-4 (Lunas)',	'TRANSFER',	32,	'2023-06-08 08:48:50',	'2023-06-08 08:48:50'),
(2648,	894,	4,	907,	12,	'02516/TRX/MAU-DU/06/2023',	1998000,	'2023-06-08',	'Angsuran Ke-3 (Lunas)',	'TRANSFER',	32,	'2023-06-08 08:51:02',	'2023-06-08 08:51:02'),
(2649,	907,	4,	920,	12,	'02517/TRX/MAU-DU/06/2023',	1000000,	'2023-06-08',	'Angsuran Ke-3',	'TRANSFER',	32,	'2023-06-08 08:52:37',	'2023-06-08 08:52:37'),
(2650,	954,	4,	966,	12,	'02518/TRX/MAU-DU/06/2023',	1014500,	'2023-06-08',	'Angsuran Ke 4 (Lunas)',	'CASH',	33,	'2023-06-08 08:55:00',	'2023-06-08 08:55:00'),
(2651,	875,	4,	888,	12,	'02519/TRX/MAU-DU/06/2023',	855500,	'2023-06-08',	'Angsuran Ke-4 (Lunas)',	'TRANSFER',	32,	'2023-06-08 08:55:13',	'2023-06-08 08:55:13'),
(2652,	864,	4,	877,	12,	'02520/TRX/MAU-DU/06/2023',	850000,	'2023-06-08',	'Angsuran Ke-3 (Lunas)',	'TRANSFER',	32,	'2023-06-08 08:57:20',	'2023-06-08 08:57:20'),
(2653,	104,	4,	430,	12,	'02521/TRX/MAU-DU/06/2023',	810500,	'2023-06-08',	'Angsuran Ke-6 (Lunas)',	'TRANSFER',	32,	'2023-06-08 09:01:17',	'2023-06-08 09:01:17'),
(2654,	328,	4,	654,	12,	'02522/TRX/MAU-DU/06/2023',	540500,	'2023-06-08',	'Angsuran Ke-4 (Lunas)',	'TRANSFER',	32,	'2023-06-08 09:03:53',	'2023-06-08 09:03:53'),
(2655,	675,	4,	688,	12,	'02523/TRX/MAU-DU/06/2023',	2184000,	'2023-06-08',	'Angsuran Ke-3 (Lunas)',	'TRANSFER',	32,	'2023-06-08 09:05:59',	'2023-06-08 09:05:59'),
(2656,	306,	4,	632,	12,	'02524/TRX/MAU-DU/06/2023',	907000,	'2023-06-08',	'Angsuran Ke-4 (Lunas)',	'TRANSFER',	32,	'2023-06-08 09:09:29',	'2023-06-08 09:09:29'),
(2657,	866,	4,	879,	12,	'02525/TRX/MAU-DU/06/2023',	855500,	'2023-06-08',	'Angsuran Ke-4 (Lunas)',	'TRANSFER',	32,	'2023-06-08 09:12:07',	'2023-06-08 09:12:07'),
(2658,	132,	4,	458,	12,	'02526/TRX/MAU-DU/06/2023',	1567000,	'2023-06-08',	'Angsuran Ke-3 (Lunas)',	'TRANSFER',	32,	'2023-06-08 09:15:22',	'2023-06-08 09:15:22'),
(2659,	860,	4,	873,	12,	'02527/TRX/MAU-DU/06/2023',	855500,	'2023-06-08',	'Angsuran Ke-3 (Lunas)',	'TRANSFER',	32,	'2023-06-08 09:18:18',	'2023-06-08 09:18:18'),
(2660,	947,	4,	960,	12,	'02528/TRX/MAU-DU/06/2023',	855500,	'2023-06-08',	'Angsuran Ke-4 ',	'TRANSFER',	32,	'2023-06-08 09:26:28',	'2023-06-08 09:26:28'),
(2661,	212,	4,	538,	12,	'02529/TRX/MAU-DU/06/2023',	540500,	'2023-06-08',	'Angsuran Ke-6 (Lunas)',	'TRANSFER',	32,	'2023-06-08 09:28:50',	'2023-06-08 09:28:50'),
(2662,	903,	4,	916,	12,	'02530/TRX/MAU-DU/06/2023',	855500,	'2023-06-08',	'Angsuran Ke-6 (Lunas)',	'TRANSFER',	32,	'2023-06-08 09:31:56',	'2023-06-08 09:31:56'),
(2663,	753,	4,	766,	12,	'02531/TRX/MAU-DU/06/2023',	1041500,	'2023-06-08',	'Angsuran Ke-4 (Lunas)',	'TRANSFER',	32,	'2023-06-08 09:34:14',	'2023-06-08 09:34:14'),
(2664,	158,	4,	484,	12,	'02532/TRX/MAU-DU/06/2023',	687500,	'2023-06-08',	'Angsuran Ke-3 (Lunas)',	'TRANSFER',	32,	'2023-06-08 09:37:43',	'2023-06-08 09:37:43'),
(2665,	699,	4,	712,	12,	'02533/TRX/MAU-DU/06/2023',	845500,	'2023-06-08',	'Angsuran Ke 4 (Lunas)',	'CASH',	33,	'2023-06-08 09:40:37',	'2023-06-08 09:40:37'),
(2666,	765,	4,	778,	12,	'02534/TRX/MAU-DU/06/2023',	957000,	'2023-06-08',	'Angsuran Ke 4 (Lunas)',	'CASH',	33,	'2023-06-08 09:42:00',	'2023-06-08 09:42:00'),
(2667,	80,	4,	406,	12,	'02535/TRX/MAU-DU/06/2023',	682000,	'2023-06-08',	'Angsuran Ke 4 (Lunas)',	'CASH',	33,	'2023-06-08 10:23:37',	'2023-06-08 10:23:37'),
(2668,	82,	4,	408,	12,	'02536/TRX/MAU-DU/06/2023',	782000,	'2023-06-08',	'Angsuran Ke-4 (Lunas)',	'CASH',	32,	'2023-06-08 10:23:38',	'2023-06-08 10:23:38'),
(2669,	117,	4,	443,	12,	'02537/TRX/MAU-DU/06/2023',	810500,	'2023-06-08',	'Angsuran Ke 4 (Lunas)',	'CASH',	33,	'2023-06-08 10:25:15',	'2023-06-08 10:25:15'),
(2670,	952,	4,	965,	12,	'02538/TRX/MAU-DU/06/2023',	995000,	'2023-06-08',	'Angsuran Ke 4 (Lunas)',	'CASH',	33,	'2023-06-08 10:34:13',	'2023-06-08 10:34:13'),
(2671,	260,	4,	586,	12,	'02539/TRX/MAU-DU/06/2023',	540500,	'2023-06-08',	'Angsuran Ke 4 (Lunas)',	'CASH',	33,	'2023-06-08 11:32:41',	'2023-06-08 11:32:41'),
(2672,	314,	4,	640,	12,	'02540/TRX/MAU-DU/06/2023',	497000,	'2023-06-08',	'Angsuran Ke 5 (Lunas)',	'CASH',	33,	'2023-06-08 11:34:09',	'2023-06-08 11:34:09'),
(2673,	329,	4,	655,	12,	'02541/TRX/MAU-DU/06/2023',	2000,	'2023-06-08',	'Angsuran Ke 4 (Lunas)',	'CASH',	33,	'2023-06-08 11:35:12',	'2023-06-08 11:35:12'),
(2674,	109,	4,	435,	12,	'02542/TRX/MAU-DU/06/2023',	867000,	'2023-06-08',	'Angsuran Ke 5 (Lunas)',	'CASH',	33,	'2023-06-08 11:41:37',	'2023-06-08 11:41:37'),
(2675,	283,	4,	609,	12,	'02543/TRX/MAU-DU/06/2023',	540500,	'2023-06-08',	'Angsuran Ke 6 (Lunas)',	'CASH',	33,	'2023-06-08 12:20:57',	'2023-06-08 12:20:57'),
(2676,	72,	4,	398,	12,	'02544/TRX/MAU-DU/06/2023',	167000,	'2023-06-08',	'Angsuran Ke 5 (Lunas)',	'CASH',	33,	'2023-06-08 12:46:14',	'2023-06-08 12:46:14'),
(2677,	273,	4,	599,	12,	'02545/TRX/MAU-DU/06/2023',	540500,	'2023-06-08',	'Angsuran Ke 3 (Lunas)',	'CASH',	33,	'2023-06-08 13:15:59',	'2023-06-08 13:15:59'),
(2678,	700,	4,	713,	12,	'02546/TRX/MAU-DU/06/2023',	1036000,	'2023-06-08',	'Angsuran Ke 3 (Lunas)',	'CASH',	33,	'2023-06-08 13:19:01',	'2023-06-08 13:19:01'),
(2679,	291,	4,	617,	12,	'02547/TRX/MAU-DU/06/2023',	2000,	'2023-06-08',	'Angsuran Ke 5 (Lunas)',	'CASH',	33,	'2023-06-08 13:20:47',	'2023-06-08 13:20:47'),
(2680,	175,	4,	501,	12,	'02548/TRX/MAU-DU/06/2023',	558500,	'2023-06-10',	'Angsuran Ke 4 (Lunas)',	'CASH',	33,	'2023-06-10 08:18:47',	'2023-06-10 08:18:47'),
(2681,	178,	4,	504,	12,	'02549/TRX/MAU-DU/06/2023',	558500,	'2023-06-10',	'Angsuran Ke 4 (Lunas)',	'CASH',	33,	'2023-06-10 08:20:18',	'2023-06-10 08:20:18'),
(2682,	107,	4,	433,	12,	'02550/TRX/MAU-DU/06/2023',	810500,	'2023-06-10',	'Angsuran Ke 4 (Lunas)',	'CASH',	33,	'2023-06-10 08:21:55',	'2023-06-10 08:21:55'),
(2683,	52,	4,	378,	12,	'02551/TRX/MAU-DU/06/2023',	867000,	'2023-06-10',	'Angsuran Ke 3 (Lunas)',	'CASH',	33,	'2023-06-10 08:23:56',	'2023-06-10 08:23:56'),
(2684,	105,	4,	431,	12,	'02552/TRX/MAU-DU/06/2023',	810000,	'2023-06-10',	'Angsuran Ke 4 (Lunas)',	'CASH',	33,	'2023-06-10 08:26:43',	'2023-06-10 08:26:43'),
(2685,	180,	4,	506,	12,	'02553/TRX/MAU-DU/06/2023',	644000,	'2023-06-10',	'Angsuran Ke 4 (Lunas)',	'CASH',	33,	'2023-06-10 08:28:01',	'2023-06-10 08:28:01'),
(2686,	195,	4,	521,	12,	'02554/TRX/MAU-DU/06/2023',	687500,	'2023-06-10',	'Angsuran Ke 5 (Lunas)',	'CASH',	33,	'2023-06-10 08:29:40',	'2023-06-10 08:29:40'),
(2687,	832,	4,	845,	12,	'02555/TRX/MAU-DU/06/2023',	1000000,	'2023-06-10',	'Angsuran Ke-2',	'CASH',	32,	'2023-06-10 08:37:33',	'2023-06-10 08:37:33'),
(2688,	704,	4,	717,	12,	'02556/TRX/MAU-DU/06/2023',	2000,	'2023-06-10',	'Angsuran Ke-5 (Lunas)',	'CASH',	32,	'2023-06-10 08:39:17',	'2023-06-10 08:39:17'),
(2689,	134,	4,	460,	12,	'02557/TRX/MAU-DU/06/2023',	1682000,	'2023-06-10',	'Angsuran Ke-2 (Lunas)',	'TRANSFER',	32,	'2023-06-10 08:42:11',	'2023-06-10 08:42:11'),
(2690,	800,	4,	813,	12,	'02558/TRX/MAU-DU/06/2023',	1014500,	'2023-06-10',	'Angsuran Ke-4 (Lunas)',	'TRANSFER',	32,	'2023-06-10 08:43:56',	'2023-06-10 08:43:56'),
(2691,	59,	4,	385,	12,	'02559/TRX/MAU-DU/06/2023',	1982000,	'2023-06-10',	'Angsuran Ke-3 (Lunas)',	'TRANSFER',	32,	'2023-06-10 08:46:29',	'2023-06-10 08:46:29'),
(2692,	172,	4,	498,	12,	'02560/TRX/MAU-DU/06/2023',	687500,	'2023-06-10',	'Angsuran Ke 4 (Lunas)',	'CASH',	33,	'2023-06-10 08:46:57',	'2023-06-10 08:46:57'),
(2693,	794,	4,	807,	12,	'02561/TRX/MAU-DU/06/2023',	1014500,	'2023-06-10',	'Angsuran Ke 4 (Lunas)',	'CASH',	33,	'2023-06-10 08:48:28',	'2023-06-10 08:48:28'),
(2694,	932,	4,	945,	12,	'02562/TRX/MAU-DU/06/2023',	855500,	'2023-06-10',	'Angsuran Ke-4 (Lunas)',	'TRANSFER',	32,	'2023-06-10 08:49:55',	'2023-06-10 08:49:55'),
(2695,	292,	4,	618,	12,	'02563/TRX/MAU-DU/06/2023',	368500,	'2023-06-10',	'Angsuran Ke 4 (Lunas)',	'CASH',	33,	'2023-06-10 08:56:23',	'2023-06-10 08:56:23'),
(2696,	75,	4,	401,	12,	'02564/TRX/MAU-DU/06/2023',	810500,	'2023-06-10',	'Angsuran Ke-3 (Lunas)',	'TRANSFER',	32,	'2023-06-10 08:56:29',	'2023-06-10 08:56:29'),
(2697,	947,	4,	960,	12,	'02565/TRX/MAU-DU/06/2023',	2000,	'2023-06-10',	'Angsuran Ke 5 (Lunas)',	'CASH',	33,	'2023-06-10 08:59:38',	'2023-06-10 08:59:38'),
(2698,	241,	4,	567,	12,	'02566/TRX/MAU-DU/06/2023',	542500,	'2023-06-10',	'Angsuran Ke-4 (Lunas)',	'TRANSFER',	32,	'2023-06-10 09:00:40',	'2023-06-10 09:00:40'),
(2699,	271,	4,	597,	12,	'02567/TRX/MAU-DU/06/2023',	532000,	'2023-06-10',	'Angsuran Ke-5 (Lunas)',	'CASH',	32,	'2023-06-10 09:11:27',	'2023-06-10 09:11:27'),
(2700,	796,	4,	809,	12,	'02568/TRX/MAU-DU/06/2023',	509000,	'2023-06-10',	'Angsuran Ke 6 (Lunas)',	'CASH',	33,	'2023-06-10 09:14:02',	'2023-06-10 09:14:02'),
(2701,	711,	4,	724,	12,	'02569/TRX/MAU-DU/06/2023',	1041500,	'2023-06-10',	'Angsuran Ke-4 (Lunas)',	'CASH',	32,	'2023-06-10 09:14:28',	'2023-06-10 09:14:28'),
(2702,	882,	4,	895,	12,	'02570/TRX/MAU-DU/06/2023',	848000,	'2023-06-10',	'Angsuran Ke 4 (Lunas)',	'CASH',	33,	'2023-06-10 09:17:48',	'2023-06-10 09:17:48'),
(2703,	183,	4,	509,	12,	'02571/TRX/MAU-DU/06/2023',	687000,	'2023-06-10',	'Angsuran Ke 3 (Lunas)',	'CASH',	33,	'2023-06-10 09:25:18',	'2023-06-10 09:25:18'),
(2704,	692,	4,	705,	12,	'02572/TRX/MAU-DU/06/2023',	1039500,	'2023-06-10',	'Angsuran Ke-5 (Lunas)',	'TRANSFER',	32,	'2023-06-10 09:26:20',	'2023-06-10 09:26:20'),
(2705,	788,	4,	801,	12,	'02573/TRX/MAU-DU/06/2023',	1016500,	'2023-06-10',	'Angsuran Ke-3 (Lunas)',	'TRANSFER',	32,	'2023-06-10 09:30:25',	'2023-06-10 09:30:25'),
(2706,	871,	4,	884,	12,	'02574/TRX/MAU-DU/06/2023',	855000,	'2023-06-10',	'Angsuran Ke-5 (Lunas)',	'TRANSFER',	32,	'2023-06-10 09:33:03',	'2023-06-10 09:33:03'),
(2707,	695,	4,	708,	12,	'02575/TRX/MAU-DU/06/2023',	982000,	'2023-06-10',	'Angsuran Ke-4 (Lunas)',	'TRANSFER',	32,	'2023-06-10 09:35:42',	'2023-06-10 09:35:42'),
(2708,	143,	4,	469,	12,	'02576/TRX/MAU-DU/06/2023',	2000000,	'2023-06-10',	'Angsuran Ke-4',	'TRANSFER',	32,	'2023-06-10 09:39:36',	'2023-06-10 09:39:36'),
(2709,	791,	4,	804,	12,	'02577/TRX/MAU-DU/06/2023',	1014000,	'2023-06-10',	'Angsuran Ke-4 (Lunas)',	'TRANSFER',	32,	'2023-06-10 09:41:37',	'2023-06-10 09:41:37'),
(2710,	266,	4,	592,	12,	'02578/TRX/MAU-DU/06/2023',	540000,	'2023-06-10',	'Angsuran Ke 5 (Lunas)',	'CASH',	33,	'2023-06-10 09:47:24',	'2023-06-10 09:47:24'),
(2711,	845,	4,	858,	12,	'02579/TRX/MAU-DU/06/2023',	850000,	'2023-06-10',	'Angsuran Ke-4 ',	'TRANSFER',	32,	'2023-06-10 09:50:45',	'2023-06-10 09:50:45'),
(2712,	888,	4,	901,	12,	'02580/TRX/MAU-DU/06/2023',	855500,	'2023-06-10',	'Angsuran Ke-3 (Lunas)',	'TRANSFER',	32,	'2023-06-10 09:52:27',	'2023-06-10 09:52:27'),
(2713,	782,	4,	795,	12,	'02581/TRX/MAU-DU/06/2023',	57000,	'2023-06-10',	'Angsuran Ke 3 (Lunas)',	'CASH',	33,	'2023-06-10 09:54:09',	'2023-06-10 09:54:09'),
(2714,	721,	4,	734,	12,	'02582/TRX/MAU-DU/06/2023',	1041000,	'2023-06-10',	'Angsuran Ke-3 (Lunas)',	'TRANSFER',	32,	'2023-06-10 09:58:22',	'2023-06-10 09:58:22'),
(2715,	949,	4,	962,	12,	'02583/TRX/MAU-DU/06/2023',	998000,	'2023-06-10',	'Angsuran Ke-4 (Lunas)',	'TRANSFER',	32,	'2023-06-10 10:00:12',	'2023-06-10 10:00:12'),
(2716,	783,	4,	796,	12,	'02584/TRX/MAU-DU/06/2023',	3509500,	'2023-06-10',	'Angsuran Ke-3 (Lunas)',	'CASH',	32,	'2023-06-10 10:06:09',	'2023-06-10 10:06:09'),
(2717,	730,	4,	743,	12,	'02585/TRX/MAU-DU/06/2023',	1041000,	'2023-06-10',	'Angsuran Ke-3 (Lunas)',	'CASH',	32,	'2023-06-10 10:15:01',	'2023-06-10 10:15:01'),
(2718,	959,	4,	972,	12,	'02586/TRX/MAU-DU/06/2023',	2000000,	'2023-06-10',	'Angsuran Ke-1',	'CASH',	32,	'2023-06-10 10:18:42',	'2023-06-10 10:18:42'),
(2719,	270,	4,	596,	12,	'02587/TRX/MAU-DU/06/2023',	540500,	'2023-06-10',	'Angsuran Ke-5 (Lunas)',	'CASH',	32,	'2023-06-10 10:22:04',	'2023-06-10 10:22:04'),
(2720,	755,	4,	768,	12,	'02588/TRX/MAU-DU/06/2023',	2000,	'2023-06-10',	'Angsuran Ke-5 (Lunas)',	'CASH',	32,	'2023-06-10 10:24:46',	'2023-06-10 10:24:46'),
(2721,	672,	4,	685,	12,	'02589/TRX/MAU-DU/06/2023',	1036000,	'2023-06-10',	'Angsuran Ke-5 (Lunas)',	'CASH',	32,	'2023-06-10 10:29:56',	'2023-06-10 10:29:56'),
(2723,	76,	4,	402,	12,	'02591/TRX/MAU-DU/06/2023',	810000,	'2023-06-10',	'Angsuran Ke-4 (Lunas)',	'CASH',	32,	'2023-06-10 10:43:38',	'2023-06-10 10:43:38'),
(2724,	74,	4,	400,	12,	'02592/TRX/MAU-DU/06/2023',	467000,	'2023-06-10',	'Angsuran Ke-4 (Lunas)',	'TRANSFER',	32,	'2023-06-10 10:47:39',	'2023-06-10 10:47:39'),
(2725,	238,	4,	564,	12,	'02593/TRX/MAU-DU/06/2023',	540500,	'2023-06-10',	'Angsuran Ke-4 (Lunas)',	'CASH',	32,	'2023-06-10 10:52:21',	'2023-06-10 10:52:21'),
(2726,	39,	4,	365,	12,	'02594/TRX/MAU-DU/06/2023',	2667000,	'2023-06-10',	'Angsuran Ke-3 (Lunas)',	'TRANSFER',	32,	'2023-06-10 10:53:33',	'2023-06-10 10:53:33'),
(2727,	797,	4,	810,	12,	'02595/TRX/MAU-DU/06/2023',	1014500,	'2023-06-10',	'Angsuran Ke-6 (Lunas)',	'CASH',	32,	'2023-06-10 10:56:35',	'2023-06-10 10:56:35'),
(2728,	817,	4,	830,	12,	'02596/TRX/MAU-DU/06/2023',	2157000,	'2023-06-10',	'Angsuran Ke-3 (Lunas)',	'CASH',	32,	'2023-06-10 10:58:09',	'2023-06-10 10:58:09'),
(2729,	208,	4,	534,	12,	'02597/TRX/MAU-DU/06/2023',	540500,	'2023-06-10',	'Angsuran Ke-3 (Lunas)',	'CASH',	32,	'2023-06-10 11:10:32',	'2023-06-10 11:10:32'),
(2730,	946,	4,	959,	12,	'02598/TRX/MAU-DU/06/2023',	848000,	'2023-06-10',	'Angsuran Ke-3 (Lunas)',	'CASH',	32,	'2023-06-10 11:12:24',	'2023-06-10 11:12:24'),
(2731,	130,	4,	456,	12,	'02599/TRX/MAU-DU/06/2023',	767000,	'2023-06-10',	'Angsuran Ke 4 (Lunas)',	'CASH',	33,	'2023-06-10 11:31:25',	'2023-06-10 11:31:25'),
(2732,	295,	4,	621,	12,	'02600/TRX/MAU-DU/06/2023',	540500,	'2023-06-10',	'Angsuran Ke 3 (Lunas)',	'CASH',	33,	'2023-06-10 11:45:25',	'2023-06-10 11:45:25'),
(2733,	387,	4,	96,	12,	'02601/TRX/MAU-DU/06/2023',	1782000,	'2023-06-10',	'Angsuran Ke-3 (Lunas)',	'CASH',	32,	'2023-06-10 11:58:45',	'2023-06-10 11:58:45'),
(2734,	862,	4,	875,	12,	'02602/TRX/MAU-DU/06/2023',	855500,	'2023-06-10',	'Angsuran Ke-4 (Lunas)',	'CASH',	32,	'2023-06-10 12:15:18',	'2023-06-10 12:15:18'),
(2736,	340,	4,	49,	12,	'02604/TRX/MAU-DU/06/2023',	800000,	'2023-06-10',	'Angsuran Ke-3',	'CASH',	32,	'2023-06-10 12:32:10',	'2023-06-10 12:32:10'),
(2737,	275,	4,	601,	12,	'02605/TRX/MAU-DU/06/2023',	1000000,	'2023-06-10',	'Angsuran Ke 3',	'CASH',	33,	'2023-06-10 12:36:14',	'2023-06-10 12:36:14'),
(2738,	94,	4,	420,	12,	'02606/TRX/MAU-DU/06/2023',	807000,	'2023-06-10',	'Angsuran Ke 4 (Lunas)',	'CASH',	33,	'2023-06-10 12:41:23',	'2023-06-10 12:41:23'),
(2739,	710,	4,	723,	12,	'02607/TRX/MAU-DU/06/2023',	1041500,	'2023-06-10',	'Angsuran Ke-4 (Lunas)',	'CASH',	32,	'2023-06-10 15:40:23',	'2023-06-10 15:40:23'),
(2740,	288,	4,	614,	12,	'02608/TRX/MAU-DU/06/2023',	1007000,	'2023-06-11',	'Angsuran Ke 5 (Lunas)',	'CASH',	33,	'2023-06-11 08:01:50',	'2023-06-11 08:01:50'),
(2741,	277,	4,	603,	12,	'02609/TRX/MAU-DU/06/2023',	537000,	'2023-06-11',	'Angsuran Ke 5 (Lunas)',	'CASH',	33,	'2023-06-11 08:03:48',	'2023-06-11 08:03:48'),
(2742,	131,	4,	457,	12,	'02610/TRX/MAU-DU/06/2023',	1867000,	'2023-06-11',	'Angsuran Ke 3 (Lunas)',	'CASH',	33,	'2023-06-11 08:09:13',	'2023-06-11 08:09:13'),
(2743,	814,	4,	827,	12,	'02611/TRX/MAU-DU/06/2023',	1014000,	'2023-06-11',	'Angsuran Ke-5 (Lunas)',	'TRANSFER',	32,	'2023-06-11 08:16:03',	'2023-06-11 08:16:03'),
(2744,	939,	4,	952,	12,	'02612/TRX/MAU-DU/06/2023',	855500,	'2023-06-11',	'Angsuran Ke-5 (Lunas)',	'TRANSFER',	32,	'2023-06-11 08:18:27',	'2023-06-11 08:18:27'),
(2745,	896,	4,	909,	12,	'02613/TRX/MAU-DU/06/2023',	855500,	'2023-06-11',	'Angsuran Ke-3 (Lunas)',	'TRANSFER',	32,	'2023-06-11 08:22:31',	'2023-06-11 08:22:31'),
(2746,	100,	4,	426,	12,	'02614/TRX/MAU-DU/06/2023',	810500,	'2023-06-11',	'Angsuran Ke 4 (Lunas)',	'CASH',	33,	'2023-06-11 08:37:38',	'2023-06-11 08:37:38'),
(2747,	71,	4,	397,	12,	'02615/TRX/MAU-DU/06/2023',	810500,	'2023-06-11',	'Angsuran Ke 4 (Lunas)',	'CASH',	33,	'2023-06-11 08:44:22',	'2023-06-11 08:44:22'),
(2748,	210,	4,	536,	12,	'02616/TRX/MAU-DU/06/2023',	540000,	'2023-06-11',	'Angsuran Ke 6 (Lunas)',	'CASH',	33,	'2023-06-11 08:53:08',	'2023-06-11 08:53:08'),
(2749,	890,	4,	903,	12,	'02617/TRX/MAU-DU/06/2023',	855500,	'2023-06-11',	'Angsuran Ke 5 (Lunas)',	'CASH',	33,	'2023-06-11 08:57:55',	'2023-06-11 08:57:55'),
(2750,	787,	4,	800,	12,	'02618/TRX/MAU-DU/06/2023',	1007000,	'2023-06-11',	'Angsuran Ke 4 (Lunas)',	'CASH',	33,	'2023-06-11 08:59:45',	'2023-06-11 08:59:45'),
(2751,	186,	4,	512,	12,	'02619/TRX/MAU-DU/06/2023',	659000,	'2023-06-11',	'Angsuran Ke 4 (Lunas)',	'CASH',	33,	'2023-06-11 09:26:56',	'2023-06-11 09:26:56'),
(2752,	331,	4,	657,	12,	'02620/TRX/MAU-DU/06/2023',	500000,	'2023-06-11',	'Angsuran Ke 5 (Lunas)',	'CASH',	33,	'2023-06-11 09:51:10',	'2023-06-11 09:51:10'),
(2753,	216,	4,	542,	12,	'02621/TRX/MAU-DU/06/2023',	497000,	'2023-06-11',	'Angsuran Ke-4 (Lunas)',	'CASH',	32,	'2023-06-11 09:53:05',	'2023-06-11 09:53:05'),
(2754,	205,	4,	531,	12,	'02622/TRX/MAU-DU/06/2023',	540500,	'2023-06-11',	'Angsuran Ke-4 (Lunas)',	'CASH',	32,	'2023-06-11 10:00:12',	'2023-06-11 10:00:12'),
(2755,	768,	4,	781,	12,	'02623/TRX/MAU-DU/06/2023',	1014500,	'2023-06-11',	'Angsuran Ke-4 (Lunas)',	'TRANSFER',	32,	'2023-06-11 10:28:42',	'2023-06-11 10:28:42'),
(2756,	756,	4,	769,	12,	'02624/TRX/MAU-DU/06/2023',	1041500,	'2023-06-11',	'Angsuran Ke-3 (Lunas)',	'TRANSFER',	32,	'2023-06-11 10:31:48',	'2023-06-11 10:31:48'),
(2757,	928,	4,	941,	12,	'02625/TRX/MAU-DU/06/2023',	850000,	'2023-06-11',	'Angsuran 3 (Lunas)',	'CASH',	29,	'2023-06-11 11:13:13',	'2023-06-11 11:13:13'),
(2758,	206,	4,	532,	12,	'02626/TRX/MAU-DU/06/2023',	540500,	'2023-06-12',	'Angsuran Ke-4 (Lunas)',	'CASH',	32,	'2023-06-12 09:26:20',	'2023-06-12 09:26:20'),
(2759,	958,	4,	971,	12,	'02627/TRX/MAU-DU/06/2023',	55500,	'2023-06-12',	'Angsuran Ke-5(Lunas)',	'CASH',	32,	'2023-06-12 09:31:28',	'2023-06-12 09:31:28'),
(2760,	305,	4,	631,	12,	'02628/TRX/MAU-DU/06/2023',	871500,	'2023-06-12',	'Angsuran Ke-3',	'TRANSFER',	32,	'2023-06-12 10:35:15',	'2023-06-12 10:35:15'),
(2761,	923,	4,	936,	12,	'02629/TRX/MAU-DU/06/2023',	855500,	'2023-06-12',	'Angsuran Ke 5 (Lunas)',	'CASH',	33,	'2023-06-12 10:35:50',	'2023-06-12 10:35:50'),
(2762,	189,	4,	515,	12,	'02630/TRX/MAU-DU/06/2023',	689500,	'2023-06-12',	'Angsuran Ke-5 (Lunas)',	'CASH',	32,	'2023-06-12 10:39:16',	'2023-06-12 10:39:16'),
(2763,	99,	4,	425,	12,	'02631/TRX/MAU-DU/06/2023',	1690000,	'2023-06-12',	'Angsuran Ke-2 (Lunas)',	'TRANSFER',	32,	'2023-06-12 10:55:54',	'2023-06-12 10:55:54'),
(2764,	859,	4,	872,	12,	'02632/TRX/MAU-DU/06/2023',	1000000,	'2023-06-12',	'Angsuran Ke-2',	'TRANSFER',	32,	'2023-06-12 11:02:17',	'2023-06-12 11:02:17'),
(2765,	861,	4,	874,	12,	'02633/TRX/MAU-DU/06/2023',	855500,	'2023-06-12',	'Angsuran Ke-4 (Lunas)',	'TRANSFER',	32,	'2023-06-12 11:03:46',	'2023-06-12 11:03:46'),
(2766,	667,	4,	680,	12,	'02634/TRX/MAU-DU/06/2023',	3000000,	'2023-06-12',	'Angsuran Ke-1',	'TRANSFER',	32,	'2023-06-12 11:10:40',	'2023-06-12 11:10:40'),
(2767,	790,	4,	803,	12,	'02635/TRX/MAU-DU/06/2023',	500000,	'2023-06-12',	'Angsuran Ke-5 ',	'TRANSFER',	32,	'2023-06-12 11:14:54',	'2023-06-12 11:14:54'),
(2768,	885,	4,	898,	12,	'02636/TRX/MAU-DU/06/2023',	855500,	'2023-06-12',	'Angsuran Ke-5 (Lunas)',	'CASH',	32,	'2023-06-12 11:20:41',	'2023-06-12 11:20:41'),
(2769,	761,	4,	774,	12,	'02637/TRX/MAU-DU/06/2023',	1014500,	'2023-06-12',	'Angsuran Ke-4 (Lunas)',	'TRANSFER',	32,	'2023-06-12 11:43:59',	'2023-06-12 11:43:59'),
(2770,	691,	4,	704,	12,	'02638/TRX/MAU-DU/06/2023',	1036000,	'2023-06-12',	'Angsuran Ke-4 (Lunas)',	'TRANSFER',	32,	'2023-06-12 12:21:57',	'2023-06-12 12:21:57'),
(2771,	63,	4,	389,	12,	'02639/TRX/MAU-DU/06/2023',	2000,	'2023-06-12',	'Angsuran Ke 3 (Lunas)',	'CASH',	33,	'2023-06-12 12:26:57',	'2023-06-12 12:26:57'),
(2772,	925,	4,	938,	12,	'02640/TRX/MAU-DU/06/2023',	995000,	'2023-06-12',	'Angsuran Ke-5 (Lunas)',	'TRANSFER',	32,	'2023-06-13 08:34:14',	'2023-06-13 08:34:14'),
(2773,	305,	4,	631,	12,	'02641/TRX/MAU-DU/06/2023',	540500,	'2023-06-12',	'Angsuran Ke-4 (Lunas)',	'TRANSFER',	32,	'2023-06-13 08:38:57',	'2023-06-13 08:38:57'),
(2775,	740,	4,	753,	12,	'02643/TRX/MAU-DU/06/2023',	1352000,	'2023-06-12',	'Angsuran Ke-3 (Lunas)',	'CASH',	32,	'2023-06-13 08:44:07',	'2023-06-13 08:44:07'),
(2776,	307,	4,	633,	12,	'02644/TRX/MAU-DU/06/2023',	540000,	'2023-06-13',	'Angsuran Ke-4 (Lunas) Tung',	'CASH',	28,	'2023-06-13 09:28:22',	'2023-06-13 09:28:22'),
(2777,	908,	4,	921,	12,	'02645/TRX/MAU-DU/06/2023',	2350000,	'2023-06-13',	'Angsuran Ke 3 (Lunas Tungg)',	'CASH',	33,	'2023-06-13 09:34:29',	'2023-06-13 09:34:29'),
(2778,	275,	4,	601,	12,	'02646/TRX/MAU-DU/06/2023',	912000,	'2023-06-13',	'Angsuran Ke 4 (Lunas Tungg)',	'CASH',	33,	'2023-06-13 09:37:39',	'2023-06-13 09:37:39'),
(2779,	865,	4,	878,	12,	'02647/TRX/MAU-DU/06/2023',	2000,	'2023-06-13',	'Angsuran Ke 3 (Lunas Tungg)',	'CASH',	33,	'2023-06-13 09:40:38',	'2023-06-13 09:40:38'),
(2780,	873,	4,	886,	12,	'02648/TRX/MAU-DU/06/2023',	848000,	'2023-06-13',	'Angsuran Ke 4 (Lunas Tungg)',	'CASH',	33,	'2023-06-13 09:42:24',	'2023-06-13 09:42:24'),
(2781,	321,	4,	647,	12,	'02649/TRX/MAU-DU/06/2023',	540500,	'2023-06-13',	'Angsuran Ke 3 (Lunas Tungg)',	'CASH',	33,	'2023-06-13 09:46:48',	'2023-06-13 09:46:48'),
(2782,	872,	4,	885,	12,	'02650/TRX/MAU-DU/06/2023',	853000,	'2023-06-13',	'Angsuran Ke 5 (Lunas Tungg)',	'CASH',	33,	'2023-06-13 10:03:13',	'2023-06-13 10:03:13'),
(2783,	90,	4,	416,	12,	'02651/TRX/MAU-DU/06/2023',	810500,	'2023-06-13',	'Angsuran Ke 4 (Lunas Tungg)',	'CASH',	33,	'2023-06-13 10:11:25',	'2023-06-13 10:11:25'),
(2784,	920,	4,	933,	12,	'02652/TRX/MAU-DU/06/2023',	855500,	'2023-06-10',	'Angsuran Ke-4 ',	'TRANSFER',	32,	'2023-06-13 10:15:55',	'2023-06-13 10:15:55'),
(2785,	218,	4,	544,	12,	'02653/TRX/MAU-DU/06/2023',	462000,	'2023-06-13',	'Angsuran Ke 4 (Lunas Tungg)',	'CASH',	33,	'2023-06-13 10:16:21',	'2023-06-13 10:16:21'),
(2786,	68,	4,	394,	12,	'02654/TRX/MAU-DU/06/2023',	2000,	'2023-06-13',	'Angsuran Ke 2 (Lunas Tungg)',	'CASH',	33,	'2023-06-13 10:31:59',	'2023-06-13 10:31:59'),
(2787,	845,	4,	858,	12,	'02655/TRX/MAU-DU/06/2023',	5000,	'2023-06-13',	'Angsuran Ke 5(Lunas Tungg)',	'CASH',	33,	'2023-06-13 10:37:17',	'2023-06-13 10:37:17'),
(2788,	165,	4,	491,	12,	'02656/TRX/MAU-DU/06/2023',	2000,	'2023-06-13',	'Angsuran Ke 2 (Lunas Tungg)',	'CASH',	33,	'2023-06-13 11:10:42',	'2023-06-13 11:10:42'),
(2789,	154,	4,	480,	12,	'02657/TRX/MAU-DU/06/2023',	2000,	'2023-06-13',	'Angsuran Ke 4 (Lunas Tungg)',	'CASH',	33,	'2023-06-13 11:31:45',	'2023-06-13 11:31:45'),
(2790,	668,	4,	681,	12,	'02658/TRX/MAU-DU/06/2023',	4000,	'2023-06-13',	'Angsuran Ke 3 (Lunas Tungg)',	'CASH',	33,	'2023-06-13 11:40:20',	'2023-06-13 11:40:20'),
(2791,	299,	4,	625,	12,	'02659/TRX/MAU-DU/06/2023',	299000,	'2023-06-13',	'Angsuran Ke 3 (Lunas Tungg)',	'CASH',	33,	'2023-06-13 12:56:18',	'2023-06-13 12:56:18'),
(2792,	920,	4,	933,	12,	'02660/TRX/MAU-DU/06/2023',	2000,	'2023-06-14',	'Angsuran Ke 5 (Lunas Tungg)',	'CASH',	33,	'2023-06-14 08:04:28',	'2023-06-14 08:04:28'),
(2793,	310,	4,	636,	12,	'02661/TRX/MAU-DU/06/2023',	540500,	'2023-06-14',	'Angsuran Ke 3 (Lunas Tungg)',	'CASH',	33,	'2023-06-14 08:11:48',	'2023-06-14 08:11:48'),
(2794,	922,	4,	935,	12,	'02662/TRX/MAU-DU/06/2023',	855500,	'2023-06-14',	'Angsuran Ke-4 Tung',	'TRANSFER',	32,	'2023-06-14 08:20:17',	'2023-06-14 08:20:17'),
(2795,	706,	4,	719,	12,	'02663/TRX/MAU-DU/06/2023',	1041500,	'2023-06-14',	'Angsuran Ke-4 (Lunas) Tung',	'TRANSFER',	32,	'2023-06-14 08:22:12',	'2023-06-14 08:22:12'),
(2796,	153,	4,	479,	12,	'02664/TRX/MAU-DU/06/2023',	2000,	'2023-06-14',	'Angsuran Ke-3 (Lunas) Tung',	'CASH',	32,	'2023-06-14 08:46:06',	'2023-06-14 08:46:06'),
(2797,	663,	4,	676,	12,	'02665/TRX/MAU-DU/06/2023',	1041500,	'2023-06-15',	'Angsuran Ke-4 (Lunas) Tung',	'TRANSFER',	32,	'2023-06-15 08:37:02',	'2023-06-15 08:37:02'),
(2798,	664,	4,	677,	12,	'02666/TRX/MAU-DU/06/2023',	1041500,	'2023-06-15',	'Angsuran Ke-4 (Lunas) Tung',	'TRANSFER',	32,	'2023-06-15 08:37:31',	'2023-06-15 08:37:31'),
(2799,	955,	4,	968,	12,	'02667/TRX/MAU-DU/06/2023',	498000,	'2023-06-17',	'Angsuran Ke-4 (Lunas) Tung',	'CASH',	32,	'2023-06-17 10:04:49',	'2023-06-17 10:04:49'),
(2800,	684,	4,	697,	12,	'02668/TRX/MAU-DU/06/2023',	1041500,	'2023-06-20',	'Angsuran Ke-3 (Lunas) Tung',	'TRANSFER',	32,	'2023-06-20 10:25:57',	'2023-06-20 10:25:57'),
(2801,	95,	4,	421,	12,	'02669/TRX/MAU-DU/06/2023',	2000,	'2023-06-22',	'Angsuran Ke-3 (Lunas) Tung',	'CASH',	32,	'2023-06-22 12:32:37',	'2023-06-22 12:32:37'),
(2802,	623,	4,	332,	12,	'02670/TRX/MAU-DU/06/2023',	5192000,	'2023-06-22',	'Angsuran Ke 1 (Lunas Tungg)',	'CASH',	33,	'2023-06-22 12:35:20',	'2023-06-22 12:35:20'),
(2803,	786,	4,	799,	12,	'02671/TRX/MAU-DU/06/2023',	999000,	'2023-06-24',	'Angsuran Ke-3 (Lunas) Tung',	'TRANSFER',	32,	'2023-06-24 08:37:45',	'2023-06-24 08:37:45'),
(2804,	897,	4,	910,	12,	'02672/TRX/MAU-DU/06/2023',	855500,	'2023-06-24',	'Angsuran Ke-4 (Lunas) Tung',	'TRANSFER',	32,	'2023-06-24 08:41:41',	'2023-06-24 08:41:41'),
(2805,	143,	4,	469,	12,	'02673/TRX/MAU-DU/06/2023',	1084000,	'2023-06-24',	'Angsuran Ke-5 (Lunas)Tung',	'TRANSFER',	32,	'2023-06-24 08:44:23',	'2023-06-24 08:44:23'),
(2806,	812,	4,	825,	12,	'02674/TRX/MAU-DU/06/2023',	1014000,	'2023-06-24',	'Angsuran Ke-4 (Lunas) Tung',	'TRANSFER',	32,	'2023-06-24 08:52:47',	'2023-06-24 08:52:47'),
(2807,	681,	4,	694,	12,	'02675/TRX/MAU-DU/06/2023',	2000,	'2023-06-24',	'Angsuran Ke 2 (Lunas Tungg)',	'CASH',	33,	'2023-06-24 09:17:06',	'2023-06-24 09:17:06'),
(2808,	444,	4,	153,	12,	'02676/TRX/MAU-DU/06/2023',	1500000,	'2023-06-24',	'Angsuran Ke 2 Tng',	'CASH',	29,	'2023-06-24 09:22:51',	'2023-06-24 09:22:51'),
(2809,	906,	4,	919,	12,	'02677/TRX/MAU-DU/06/2023',	1000000,	'2023-06-24',	'Angsuran Ke  Tng',	'CASH',	29,	'2023-06-24 09:25:15',	'2023-06-24 09:25:15'),
(2810,	505,	4,	214,	12,	'02678/TRX/MAU-DU/06/2023',	292000,	'2023-06-24',	'Angsuran Ke 5 (Lunas) Tng',	'CASH',	29,	'2023-06-24 09:30:02',	'2023-06-24 09:30:02'),
(2811,	333,	4,	659,	12,	'02679/TRX/MAU-DU/06/2023',	347000,	'2023-06-24',	'Angsuran Ke 4 (Lunas) Tgn',	'CASH',	29,	'2023-06-24 09:40:46',	'2023-06-24 09:40:46'),
(2812,	682,	4,	695,	12,	'02680/TRX/MAU-DU/06/2023',	682000,	'2023-06-25',	'Angsuran Ke-3 (Lunas) Tung',	'TRANSFER',	32,	'2023-06-25 08:40:53',	'2023-06-25 08:40:53'),
(2813,	340,	4,	49,	12,	'02681/TRX/MAU-DU/06/2023',	1582000,	'2023-06-25',	'Angsuran Ke-4 (Lunas) Tung',	'TRANSFER',	32,	'2023-06-25 09:05:01',	'2023-06-25 09:05:01'),
(2814,	88,	4,	414,	12,	'02682/TRX/MAU-DU/06/2023',	810500,	'2023-06-25',	'Angsuran Ke-3 (Lunas) Tung',	'TRANSFER',	32,	'2023-06-25 09:08:04',	'2023-06-25 09:08:04'),
(2815,	269,	4,	595,	12,	'02683/TRX/MAU-DU/06/2023',	2000,	'2023-06-25',	'Angsuran Ke-3 (Lunas) Tung',	'CASH',	32,	'2023-06-25 09:23:47',	'2023-06-25 09:23:47'),
(2816,	128,	4,	454,	12,	'02684/TRX/MAU-DU/06/2023',	2967000,	'2023-06-25',	'Angsuran Ke-3 (Lunas) Tung',	'CASH',	32,	'2023-06-25 13:11:25',	'2023-06-25 13:11:25'),
(2817,	918,	4,	931,	12,	'02685/TRX/MAU-DU/06/2023',	856000,	'2023-06-25',	'Angsuran Ke-4 (Lunas) Tung',	'TRANSFER',	32,	'2023-06-26 08:09:48',	'2023-06-26 08:09:48'),
(2819,	931,	4,	944,	12,	'02687/TRX/MAU-DU/06/2023',	855500,	'2023-06-25',	'Angsuran Ke-3 (Lunas) Tung',	'TRANSFER',	32,	'2023-06-26 08:16:54',	'2023-06-26 08:16:54'),
(2820,	922,	4,	935,	12,	'02688/TRX/MAU-DU/06/2023',	2000,	'2023-06-26',	'Angsuran Ke 5 (Lunas) Tng',	'CASH',	33,	'2023-06-26 09:22:12',	'2023-06-26 09:22:12'),
(2821,	231,	4,	557,	12,	'02689/TRX/MAU-DU/06/2023',	222000,	'2023-06-27',	'Angsuran Ke 4 Tungg',	'CASH',	33,	'2023-06-27 09:40:35',	'2023-06-27 09:40:35'),
(2822,	491,	4,	200,	12,	'02690/TRX/MAU-DU/06/2023',	2151500,	'2023-06-27',	'Angsuran Ke 3 (Lunas Tungg)',	'CASH',	33,	'2023-06-27 10:25:08',	'2023-06-27 10:25:08'),
(2823,	247,	4,	573,	12,	'02691/TRX/MAU-DU/06/2023',	542500,	'2023-06-28',	'Angsuran Ke-4 (Lunas) Tung',	'TRANSFER',	32,	'2023-06-28 09:15:05',	'2023-06-28 09:15:05'),
(2824,	876,	4,	889,	12,	'02692/TRX/MAU-DU/06/2023',	398000,	'2023-06-28',	'Angsuran Ke 5 (Lunas) Tng',	'CASH',	33,	'2023-06-28 09:38:21',	'2023-06-28 09:38:21'),
(2825,	386,	4,	95,	12,	'02693/TRX/MAU-DU/07/2023',	3382000,	'2023-07-01',	'Angsuran Ke 3 (Lunas) Tng',	'TRANSFER',	29,	'2023-07-01 08:52:46',	'2023-07-01 08:52:46'),
(2826,	417,	4,	126,	12,	'02694/TRX/MAU-DU/07/2023',	945000,	'2023-07-01',	'Angsuran Ke 4 (Lunas) Tgn',	'CASH',	29,	'2023-07-01 11:10:25',	'2023-07-01 11:10:25'),
(2827,	625,	4,	334,	12,	'02695/TRX/MAU-DU/07/2023',	1892000,	'2023-07-01',	'Angsuran Ke-3 (Lunas) Tung',	'CASH',	32,	'2023-07-01 11:55:47',	'2023-07-01 11:55:47'),
(2828,	456,	4,	165,	12,	'02696/TRX/MAU-DU/07/2023',	1986000,	'2023-07-02',	'Angsuran Ke 3 (Lunas) Ang',	'CASH',	29,	'2023-07-02 09:25:23',	'2023-07-02 09:25:23'),
(2830,	529,	4,	238,	12,	'02698/TRX/MAU-DU/07/2023',	1655000,	'2023-07-02',	'Angsuran Ke 2 (Lunas) Ang',	'TRANSFER',	29,	'2023-07-02 10:42:06',	'2023-07-02 10:42:06'),
(2831,	582,	4,	291,	12,	'02699/TRX/MAU-DU/07/2023',	892000,	'2023-07-05',	'Angsuran Ke-5 (Lunas)Tung',	'CASH',	32,	'2023-07-05 13:04:02',	'2023-07-05 13:04:02'),
(2832,	906,	4,	919,	12,	'02700/TRX/MAU-DU/07/2023',	500000,	'2023-07-08',	'Angsuran Ke-5  Tung',	'CASH',	32,	'2023-07-08 08:19:41',	'2023-07-08 08:19:41'),
(2833,	197,	4,	523,	12,	'02701/TRX/MAU-DU/07/2023',	344000,	'2023-07-12',	'Angsuran Ke 1 Tungg',	'CASH',	33,	'2023-07-12 09:58:32',	'2023-07-12 09:58:32'),
(2834,	163,	4,	489,	12,	'02702/TRX/MAU-DU/07/2023',	1000000,	'2023-07-15',	'Angsuran Ke 2 (Subsidi Keringanan Thp 2)',	'CASH',	33,	'2023-07-15 12:04:38',	'2023-07-15 12:04:38'),
(2835,	163,	4,	489,	12,	'02703/TRX/MAU-DU/07/2023',	2744000,	'2023-07-15',	'Angsuran Ke 3 (Lunas)',	'CASH',	33,	'2023-07-15 12:07:25',	'2023-07-15 12:07:25'),
(2836,	790,	4,	803,	12,	'02704/TRX/MAU-DU/07/2023',	507000,	'2023-07-16',	'Angsuran Ke 6 (Lunas) Tung',	'CASH',	33,	'2023-07-16 13:33:25',	'2023-07-16 13:33:25'),
(2837,	231,	4,	557,	12,	'02705/TRX/MAU-DU/07/2023',	1000000,	'2023-07-17',	'Angsuran Ke 5',	'CASH',	33,	'2023-07-17 11:08:18',	'2023-07-17 11:08:18'),
(2838,	835,	4,	848,	12,	'02706/TRX/MAU-DU/07/2023',	1995000,	'2023-07-20',	'Angsuran Ke-3 (Lunas) Tung',	'TRANSFER',	32,	'2023-07-20 11:17:01',	'2023-07-20 11:17:01'),
(2839,	548,	4,	257,	12,	'02707/TRX/MAU-DU/07/2023',	1492000,	'2023-07-25',	'Angsuran Ke-5 (Lunas) Tng',	'CASH',	32,	'2023-07-25 10:01:43',	'2023-07-25 10:01:43'),
(2840,	225,	4,	551,	12,	'02708/TRX/MAU-DU/07/2023',	540500,	'2023-07-25',	'Angsuran Ke 4 (Lunas) Tungg',	'CASH',	33,	'2023-07-25 14:44:34',	'2023-07-25 14:44:34'),
(2841,	880,	4,	893,	12,	'02709/TRX/MAU-DU/07/2023',	3352000,	'2023-07-29',	'Angsuran Ke-2 (Lunas)Tung',	'TRANSFER',	32,	'2023-07-29 08:24:37',	'2023-07-29 08:24:37');

CREATE TABLE `user` (
  `id` int NOT NULL AUTO_INCREMENT,
  `username` varchar(255) CHARACTER SET utf8mb3 COLLATE utf8mb3_unicode_ci DEFAULT NULL,
  `auth_key` text CHARACTER SET utf8mb3 COLLATE utf8mb3_unicode_ci,
  `password_hash` text CHARACTER SET utf8mb3 COLLATE utf8mb3_unicode_ci,
  `email` varchar(255) CHARACTER SET utf8mb3 COLLATE utf8mb3_unicode_ci DEFAULT NULL,
  `name` varchar(255) CHARACTER SET utf8mb3 COLLATE utf8mb3_unicode_ci DEFAULT NULL,
  `phone` varchar(255) CHARACTER SET utf8mb3 COLLATE utf8mb3_unicode_ci DEFAULT NULL,
  `image` varchar(255) CHARACTER SET utf8mb3 COLLATE utf8mb3_unicode_ci DEFAULT NULL,
  `status` varchar(255) CHARACTER SET utf8mb3 COLLATE utf8mb3_unicode_ci DEFAULT NULL COMMENT 'ACTIVE, NONACTIVE',
  `role_id` int DEFAULT NULL,
  `created_at` datetime DEFAULT NULL,
  `updated_at` datetime DEFAULT NULL,
  PRIMARY KEY (`id`),
  KEY `role_id` (`role_id`),
  CONSTRAINT `user_ibfk_1` FOREIGN KEY (`role_id`) REFERENCES `role` (`id`)
) ENGINE=InnoDB DEFAULT CHARSET=utf8mb4 COLLATE=utf8mb4_general_ci;

INSERT INTO `user` (`id`, `username`, `auth_key`, `password_hash`, `email`, `name`, `phone`, `image`, `status`, `role_id`, `created_at`, `updated_at`) VALUES
(2,	'admin',	'',	'$2y$13$LziRMyDN.j0b6hlYJdiuHeLFCYiyknrdtU3bt8zJ09hj86K1DYMVC',	'infografikamedia@gmail.com',	'Grafika Digital Solution',	'085736775369',	NULL,	'ACTIVE',	1,	'2021-10-13 06:23:58',	'2022-06-28 00:03:06'),
(22,	'sdn1nbr',	NULL,	'$2y$13$yW6u1.7qLl9POvXlN/ljsex7M3437uON/tgLkU3xUTvGWyOjPrjYu',	'adminsdn1nambangrejo@gmail.com',	'Admin SDN 1 Nambangrejo',	NULL,	NULL,	'ACTIVE',	2,	'2022-05-12 08:20:21',	'2022-05-12 08:20:21'),
(24,	'kasirsdn1',	NULL,	'$2y$13$N9Uq4aQNwTmRY0LWXtjtw.U1cg6w6jgdSsPSTIxaTa3BHF5u1FO6.',	'staffkeuangan@gmail.com',	'Intan Berliani',	NULL,	NULL,	'ACTIVE',	4,	'2022-05-30 15:31:01',	'2022-06-27 10:13:05'),
(25,	'adminman1po',	NULL,	'$2y$13$WkEuX2D9aVmBrTCYd24pAOI0mKBPVFNbIcaKln/JYlkVJYSCuJGUO',	'admin@man1po.sch.id',	'Admin MAN 1 Ponorogo',	NULL,	NULL,	'ACTIVE',	2,	'2022-06-23 22:05:57',	'2022-06-23 22:05:57'),
(26,	'accountingman1',	NULL,	'$2y$13$nGv1oz6/gxfJ85DAsk0sBe5LxpsyC8QzitiiGhPfNLI5R3TV8CQl6',	'accounting@man1po.sch.id',	'Accounting MAN 1 Ponorogo',	NULL,	NULL,	'ACTIVE',	3,	'2022-06-23 22:18:14',	'2022-06-23 22:18:14'),
(27,	'financeman1',	NULL,	'$2y$13$XDwYQB5E0.LZznNlrPj8ZuCAnqqR31qKt/XkZDVlPQsaINoPnA3BC',	'finance@man1po.sch.id',	'Finance MAN 1 Ponorogo',	NULL,	NULL,	'ACTIVE',	4,	'2022-06-23 22:18:42',	'2022-06-23 22:18:42'),
(28,	'fikru',	NULL,	'$2y$13$9xYfR38Q85wy.gDk1D1iWuyWpDR1ctEtgh4x.is0xHqybq6N8Flkm',	'fikru.khoiri@gmail.com',	'Moh. Fikru Khoiri',	NULL,	NULL,	'ACTIVE',	2,	'2022-06-27 06:46:40',	'2022-06-27 06:46:40'),
(29,	'lidiaaska',	NULL,	'$2y$13$lvzHkO3/gm9aDdk6KTyQS.771VA8EwCQILwm4gFkd1cFG3BVp8qBO',	'lidiaaska96@gmail.com',	'Lidia Wati',	NULL,	NULL,	'ACTIVE',	4,	'2022-06-27 06:50:27',	'2022-07-25 05:00:20'),
(30,	'naila',	NULL,	'$2y$13$tvWqNpF2ETJymGcuaUdpfOZorWAi4CCZVSNBuq4ql841jhsN2PNDi',	'nailamuroda@gmail.com',	'Naila Muroda',	NULL,	NULL,	'ACTIVE',	4,	'2022-06-28 01:03:06',	'2022-06-28 01:03:06'),
(31,	'demopakfikru',	NULL,	'$2y$13$xYtxwSJsDPar5P/JO.vGvOysJn9qfNE/0QUY7bziFfXLARDoSlKXa',	'fikru.khoiri@gmail.com',	'Fikru Khoiri',	NULL,	NULL,	'ACTIVE',	4,	'2022-07-12 04:15:13',	'2022-07-12 04:15:13'),
(32,	'Ifik',	NULL,	'$2y$13$XEBUe9YvHOMIKgjC6Vq8NeaD4BDzi1ht3grzkAql.lPnTQrzPc93q',	'amiirotulfikriyyah@gmail.com',	'Nur Amiirotul Fikriyyah',	NULL,	NULL,	'ACTIVE',	4,	'2022-08-11 01:14:11',	'2022-08-11 01:14:11'),
(33,	'Khalim',	NULL,	'$2y$13$YcN297/CNJSRIsLxTcNQ0OkLgukgyFZpH5uzOmrDUwCrYmmy4W7yq',	'khalimsakdiyah273@gmail.com',	'Khalimatus Sakdiyah',	NULL,	NULL,	'ACTIVE',	4,	'2022-08-15 11:43:45',	'2022-08-15 11:43:45'),
(34,	'aulia',	NULL,	'$2y$13$gbgJI35Q8yJdVL9uYIji.Oln26YmtirXya7.eXQrOdDjGsS3V6Nge',	'Aulia@gmail.com',	'Aulia',	NULL,	NULL,	'ACTIVE',	2,	'2022-12-20 12:24:50',	'2022-12-20 12:24:50'),
(35,	'zainurrahman',	NULL,	'$2y$13$brHH3shQWH2evhARs4JvcO3JXKZ2B.mT/iE/iUeRXU3IwFzAADu8m',	'mazainurrahman25@gmail.com',	'Zainurrahman',	NULL,	NULL,	'ACTIVE',	2,	'2022-12-22 14:35:04',	'2022-12-22 14:35:04'),
(36,	'Maubulmah',	NULL,	'$2y$13$ylWE/O0B5BaddsHSVlFlF.aB437.JUChipqSblQI0WHo88s5dyoSm',	'Maidatuz1998@gmail.com',	'MAU Bustanul Hikmah',	NULL,	NULL,	'ACTIVE',	2,	'2022-12-25 10:40:00',	'2022-12-25 10:40:00'),
(37,	'pgri1jbg',	NULL,	'$2y$13$.YgEWBS6v14oSWO3PFJLde9N9.pnnSLc8kaoye1w9T0nnNhVi8G8q',	'smkpgri1jombang@gmail.com',	'SMK PGRI 1 JOMBANG',	NULL,	NULL,	'ACTIVE',	2,	'2022-12-26 14:52:11',	'2022-12-26 14:52:11'),
(38,	'madtsarul',	NULL,	'$2y$13$6r7PDj7UwDC0YXR3O.8hnOMJzcsOL4wbr11DdtehERo6RRzfAFClW',	'madtsarul@gmail.com',	'madtsarul',	NULL,	NULL,	'ACTIVE',	2,	'2023-01-04 17:49:08',	'2023-01-04 17:49:08'),
(39,	'amelia',	NULL,	'$2y$13$9CrGX3c2tIjZBMPGrq/pXeA6Cap5.54AZ1ID1tj9ZiPcjiWvCBiiu',	'ameliasyahfitrih@gmail.com',	'AMELIA',	NULL,	NULL,	'ACTIVE',	2,	'2023-01-05 09:38:37',	'2023-01-05 09:38:37'),
(40,	'YMAI',	NULL,	'$2y$13$I1Lzo7IMA20dhf6pjSOyBuS67qdAb1ar/g7anTOKs0XauSH/ffC2.',	'sekretariat.ymai@gmail.com',	'Rumah Tahfidz YMAI',	NULL,	NULL,	'ACTIVE',	2,	'2023-01-26 14:49:37',	'2023-01-26 16:17:06'),
(41,	'Taronet_288',	NULL,	'$2y$13$liKv2HeIkT6g0pzZ6Mx1JuFu9C6a9pYBAJB7JYu3PbISweoTYydpK',	'taronet288@gmail.com',	'Taronet_288',	NULL,	NULL,	'ACTIVE',	2,	'2023-06-23 18:26:09',	'2023-06-23 18:26:09'),
(42,	'falah21',	NULL,	'$2y$13$UFA2mamKsyiYssVOPLj6Y.NpQEQEjZuLS5zE8Pn0styRIeCHRPGDu',	'janokoalus@gmail.com',	'TK Al Falah',	NULL,	NULL,	'ACTIVE',	2,	'2023-06-24 09:01:32',	'2023-06-24 09:01:32'),
(43,	'adminsmpitalmanar',	NULL,	'$2y$13$EqjHtYdjyvNJCNrsapnVH.sOkwtdKEQ1CfqL27AOOLyNKu.89FUsy',	'ini.suliss@gmail.com',	'adminsmpitalmanar',	NULL,	NULL,	'ACTIVE',	2,	'2023-07-18 07:53:40',	'2023-07-18 07:53:40');

CREATE TABLE `user_school` (
  `id` int NOT NULL AUTO_INCREMENT,
  `user_id` int DEFAULT NULL,
  `school_id` int DEFAULT NULL,
  `created_at` datetime DEFAULT NULL,
  `updated_at` datetime DEFAULT NULL,
  PRIMARY KEY (`id`),
  KEY `user_id` (`user_id`),
  KEY `school_id` (`school_id`),
  CONSTRAINT `user_school_ibfk_1` FOREIGN KEY (`user_id`) REFERENCES `user` (`id`),
  CONSTRAINT `user_school_ibfk_2` FOREIGN KEY (`school_id`) REFERENCES `school` (`id`)
) ENGINE=InnoDB DEFAULT CHARSET=utf8mb4 COLLATE=utf8mb4_general_ci;

INSERT INTO `user_school` (`id`, `user_id`, `school_id`, `created_at`, `updated_at`) VALUES
(5,	22,	1,	'2022-05-12 08:20:21',	'2022-05-12 08:20:21'),
(6,	24,	1,	'2022-05-30 15:31:01',	'2022-05-30 15:31:01'),
(7,	25,	3,	'2022-06-23 22:05:57',	'2022-06-23 22:05:57'),
(8,	26,	3,	'2022-06-23 22:18:14',	'2022-06-23 22:18:14'),
(9,	27,	3,	'2022-06-23 22:18:42',	'2022-06-23 22:18:42'),
(10,	28,	4,	'2022-06-27 06:46:40',	'2022-06-27 06:46:40'),
(11,	29,	4,	'2022-06-27 06:50:27',	'2022-06-27 06:50:27'),
(13,	31,	1,	'2022-07-12 04:15:13',	'2022-07-12 04:15:13'),
(14,	32,	4,	'2022-08-11 01:14:11',	'2022-08-11 01:14:11'),
(15,	33,	4,	'2022-08-15 11:43:45',	'2022-08-15 11:43:45'),
(16,	34,	6,	'2022-12-20 12:24:50',	'2022-12-20 12:24:50'),
(17,	35,	7,	'2022-12-22 14:35:04',	'2022-12-22 14:35:04'),
(18,	36,	8,	'2022-12-25 10:40:00',	'2022-12-25 10:40:00'),
(19,	37,	9,	'2022-12-26 14:52:11',	'2022-12-26 14:52:11'),
(20,	38,	10,	'2023-01-04 17:49:08',	'2023-01-04 17:49:08'),
(22,	40,	11,	'2023-01-26 14:49:37',	'2023-01-26 14:49:37'),
(23,	41,	13,	'2023-06-23 18:26:09',	'2023-06-23 18:26:09'),
(24,	42,	14,	'2023-06-24 09:01:32',	'2023-06-24 09:01:32'),
(25,	43,	15,	'2023-07-18 07:53:40',	'2023-07-18 07:53:40');

CREATE TABLE `year` (
  `id` int NOT NULL AUTO_INCREMENT,
  `name` varchar(255) CHARACTER SET latin1 COLLATE latin1_swedish_ci DEFAULT NULL COMMENT '2021/2022, 2022/2023, DST',
  `status` varchar(255) CHARACTER SET latin1 COLLATE latin1_swedish_ci DEFAULT NULL COMMENT 'ACTIVE, NONACTIVE',
  PRIMARY KEY (`id`)
) ENGINE=InnoDB DEFAULT CHARSET=utf8mb4 COLLATE=utf8mb4_general_ci;

INSERT INTO `year` (`id`, `name`, `status`) VALUES
(1,	'2020/2021',	'NONACTIVE'),
(2,	'2021/2022',	'ACTIVE'),
(3,	'2022/2023',	'ACTIVE'),
(4,	'2023/2024',	'ACTIVE'),
(5,	'2024/2025',	'ACTIVE');

-- 2023-07-31 22:53:10
